{"id":3691,"date":"2016-08-05T09:27:42","date_gmt":"2016-08-05T09:27:42","guid":{"rendered":"http:\/\/www.hotelsemaforodefisterra.com\/pt-pt\/espacios-interiores\/"},"modified":"2026-02-06T17:50:39","modified_gmt":"2026-02-06T16:50:39","slug":"espacios-interiores","status":"publish","type":"page","link":"https:\/\/www.hotelsemaforodefisterra.com\/pt-pt\/espacios-interiores\/","title":{"rendered":"Espa\u00e7os interiores"},"content":{"rendered":"<p>[vc_row css=&#8221;.vc_custom_1472121972925{background-position: center !important;background-repeat: no-repeat !important;background-size: cover !important;}&#8221; el_class=&#8221;content-padding-xxl&#8221;][vc_column width=&#8221;1\/2&#8243;][vc_gallery images=&#8221;3339,3340&#8243; img_size=&#8221;large&#8221; columns=&#8221;1&#8243;][\/vc_column][vc_column width=&#8221;1\/2&#8243;][vc_column_text]<\/p>\n<h2><small><strong>SONHO NO INFINITO<\/strong><\/small>ESPA\u00c7OS INTERIORES<\/h2>\n<p style=\"text-align: justify;\">Este pequeno hotel est\u00e1 cheio de lugares m\u00e1gicos para encontrar o seu ref\u00fagio e seu tempo.<\/p>\n<p style=\"text-align: justify;\">O nosso sal\u00e3o acolhedor \u00e9 ideal para a leitura e espa\u00e7o abstra\u00e7\u00e3o. Em noites de inverno torna-se o local favorito para descansar sobre o mar, ventos, tempestades, estrada &#8230;<\/p>\n<p style=\"text-align: justify;\">Um pequeno caf\u00e9 acomoda 7 mesas suspensas ao lado de cada janela, como um ex-&#8220;parladoiros&#8221; &#8220;tuyyo&#8221; \u00fanico onde voc\u00ea tem as melhores vistas para o infinito, o ponto mais alto a partir do qual a contemplar este lugar maravilhoso e partilhar, com quem voc\u00ea quer um momento especial.<\/p>\n<p style=\"text-align: justify;\">A sala de jantar onde desfrutar as del\u00edcias desta delicatessen pr\u00f3prio hotel. lugares \u00fanicos, onde pode abstraerte de tudo e todos, espa\u00e7os concebidos para o seu almo\u00e7o ou jantar se tornar uma experi\u00eancia \u00edntima, particular e especial.<\/p>\n<p style=\"text-align: justify;\">Vida espa\u00e7os preenchidos: todo o hotel \u00e9 decorado com produtos da nossa terra, produtos gourmet. Prateleiras, arm\u00e1rios e exposi\u00e7\u00f5es que percorrem toda, cheio de tenta\u00e7\u00f5es para os cinco sentidos e deixe o amor de nossas del\u00edcias culin\u00e1rias: um vinho tradicional e baga\u00e7o famosa reconhecimento mundial, agora estamos a oferecer-lhe espumantes disposi\u00e7\u00e3o, vermute, cerveja, gim, rum e uma longa lista de produtos galegos de qualidade excepcional, de modo que degustes, cates e pode consumir. Uma mir\u00edade de sabores e produtos que fazem parte da nossa decora\u00e7\u00e3o e preencher os espa\u00e7os e cada canto deste estabelecimento<\/p>\n<p>[\/vc_column_text][vc_btn title=&#8221;VENHA CONHOCER NOSSAS CANTOS UNIQUE&#8221; style=&#8221;outline-custom&#8221; outline_custom_color=&#8221;#ad854d&#8221; outline_custom_hover_background=&#8221;#666666&#8243; outline_custom_hover_text=&#8221;#ffffff&#8221; align=&#8221;center&#8221; link=&#8221;url:http%3A%2F%2Fwww.hotelsemaforodefisterra.com%2Fpt-pt%2Freservas-pt%2F||&#8221;][\/vc_column][\/vc_row][vc_row][vc_column]<h2 class=\"text-center\"><small>UNA EXPERIENCIA UNICA Y MEMORABLE<\/small>DELICATESSEN HOTEL O SEMAFORO DE FISTERRA<\/h2><div class='services-carousel  owl-with-navigation' data-owl-items='4' data-owl-nav='true' data-owl-nav-text='[\"Anterior\",\"Seguinte\"]' data-owl-loop='true' data-owl-autoplay='true' data-owl-speed='2000' data-owl-hover='true' data-owl-mobile='1' data-owl-tablet='2' data-owl-dots='false'><div class='item'><a href=\"https:\/\/www.hotelsemaforodefisterra.com\/pt-pt\/quartos\/\" class=\"link-image\" title=\"Nauf\u00e1gios Quarto\"><img loading=\"lazy\" decoding=\"async\" width=\"750\" height=\"500\" src=\"https:\/\/www.hotelsemaforodefisterra.com\/wp-content\/uploads\/2026\/02\/hn-naufraxio-hotel-semaforo-fisterra-1024x683.jpg\" class=\"attachment-large size-large\" alt=\"\" srcset=\"https:\/\/www.hotelsemaforodefisterra.com\/wp-content\/uploads\/2026\/02\/hn-naufraxio-hotel-semaforo-fisterra-1024x683.jpg 1024w, https:\/\/www.hotelsemaforodefisterra.com\/wp-content\/uploads\/2026\/02\/hn-naufraxio-hotel-semaforo-fisterra-300x200.jpg 300w, https:\/\/www.hotelsemaforodefisterra.com\/wp-content\/uploads\/2026\/02\/hn-naufraxio-hotel-semaforo-fisterra-768x512.jpg 768w, https:\/\/www.hotelsemaforodefisterra.com\/wp-content\/uploads\/2026\/02\/hn-naufraxio-hotel-semaforo-fisterra.jpg 1500w\" sizes=\"(max-width: 750px) 100vw, 750px\" \/><\/a><div class=\"item-content\"><h4><a href=\"https:\/\/www.hotelsemaforodefisterra.com\/pt-pt\/quartos\/\">Nauf\u00e1gios Quarto<\/a><\/h4><p>Neste quarto voc\u00ea ser\u00e1 parte da hist\u00f3ria, a hist\u00f3ria de naufr\u00e1gios que reivindicou isso. Quarto tema com elementos do mar de navios antigos, legenda naufr\u00e1gios. Voc\u00ea descobre segredos que s\u00f3 este quarto sussurrar para voc\u00ea<\/p><\/div><\/div><div class='item'><a href=\"https:\/\/www.hotelsemaforodefisterra.com\/pt-pt\/quartos\/\" class=\"link-image\" title=\"Semaforo room\"><img loading=\"lazy\" decoding=\"async\" width=\"750\" height=\"500\" src=\"https:\/\/www.hotelsemaforodefisterra.com\/wp-content\/uploads\/2026\/02\/hb-semaforo-desayuno-hotel-semaforo-fisterra-1024x683.jpg\" class=\"attachment-large size-large\" alt=\"\" srcset=\"https:\/\/www.hotelsemaforodefisterra.com\/wp-content\/uploads\/2026\/02\/hb-semaforo-desayuno-hotel-semaforo-fisterra-1024x683.jpg 1024w, https:\/\/www.hotelsemaforodefisterra.com\/wp-content\/uploads\/2026\/02\/hb-semaforo-desayuno-hotel-semaforo-fisterra-300x200.jpg 300w, https:\/\/www.hotelsemaforodefisterra.com\/wp-content\/uploads\/2026\/02\/hb-semaforo-desayuno-hotel-semaforo-fisterra-768x512.jpg 768w, https:\/\/www.hotelsemaforodefisterra.com\/wp-content\/uploads\/2026\/02\/hb-semaforo-desayuno-hotel-semaforo-fisterra.jpg 1500w\" sizes=\"(max-width: 750px) 100vw, 750px\" \/><\/a><div class=\"item-content\"><h4><a href=\"https:\/\/www.hotelsemaforodefisterra.com\/pt-pt\/quartos\/\">Semaforo room<\/a><\/h4><p>A comunica\u00e7\u00e3o entre o farol e barcos, foi feita atrav\u00e9s de bandeiras de sinaliza\u00e7\u00e3o, colocada nesses edif\u00edcios chamados sem\u00e1foros, junto ao Farol. Neste quarto que recriar a comunica\u00e7\u00e3o e dar vida a essa linguagem<\/p><\/div><\/div><div class='item'><a href=\"https:\/\/www.hotelsemaforodefisterra.com\/pt-pt\/quartos\/\" class=\"link-image\" title=\"Far\u00f3is room\"><img loading=\"lazy\" decoding=\"async\" width=\"750\" height=\"500\" src=\"https:\/\/www.hotelsemaforodefisterra.com\/wp-content\/uploads\/2026\/02\/hb-faros-desayuno-hotel-semaforo-finisterre-1024x683.jpg\" class=\"attachment-large size-large\" alt=\"\" srcset=\"https:\/\/www.hotelsemaforodefisterra.com\/wp-content\/uploads\/2026\/02\/hb-faros-desayuno-hotel-semaforo-finisterre-1024x683.jpg 1024w, https:\/\/www.hotelsemaforodefisterra.com\/wp-content\/uploads\/2026\/02\/hb-faros-desayuno-hotel-semaforo-finisterre-300x200.jpg 300w, https:\/\/www.hotelsemaforodefisterra.com\/wp-content\/uploads\/2026\/02\/hb-faros-desayuno-hotel-semaforo-finisterre-768x512.jpg 768w, https:\/\/www.hotelsemaforodefisterra.com\/wp-content\/uploads\/2026\/02\/hb-faros-desayuno-hotel-semaforo-finisterre.jpg 1500w\" sizes=\"(max-width: 750px) 100vw, 750px\" \/><\/a><div class=\"item-content\"><h4><a href=\"https:\/\/www.hotelsemaforodefisterra.com\/pt-pt\/quartos\/\">Far\u00f3is room<\/a><\/h4><p>Voc\u00ea n\u00e3o estar\u00e1 sozinho neste quarto ... vai acompanhar as balizas mais importantes da Galiza. Neste quarto vai ver passar a luz refletida do farol, a cada 4 segundos voc\u00ea vai testemunhar a sua luz, a \u00faltima luz deste lado do continente, a \u00faltima luz que tenho visto muitos n\u00e1ufragos e luz que salvou muitas vidas.<\/p><\/div><\/div><div class='item'><a href=\"https:\/\/www.hotelsemaforodefisterra.com\/pt-pt\/quartos\/\" class=\"link-image\" title=\"Stellae room\"><img loading=\"lazy\" decoding=\"async\" width=\"750\" height=\"500\" src=\"https:\/\/www.hotelsemaforodefisterra.com\/wp-content\/uploads\/2026\/02\/hb-stellae-desayuno-hotel-semaforo-fisterra-1024x683.jpg\" class=\"attachment-large size-large\" alt=\"\" srcset=\"https:\/\/www.hotelsemaforodefisterra.com\/wp-content\/uploads\/2026\/02\/hb-stellae-desayuno-hotel-semaforo-fisterra-1024x683.jpg 1024w, https:\/\/www.hotelsemaforodefisterra.com\/wp-content\/uploads\/2026\/02\/hb-stellae-desayuno-hotel-semaforo-fisterra-300x200.jpg 300w, https:\/\/www.hotelsemaforodefisterra.com\/wp-content\/uploads\/2026\/02\/hb-stellae-desayuno-hotel-semaforo-fisterra-768x512.jpg 768w, https:\/\/www.hotelsemaforodefisterra.com\/wp-content\/uploads\/2026\/02\/hb-stellae-desayuno-hotel-semaforo-fisterra.jpg 1500w\" sizes=\"(max-width: 750px) 100vw, 750px\" \/><\/a><div class=\"item-content\"><h4><a href=\"https:\/\/www.hotelsemaforodefisterra.com\/pt-pt\/quartos\/\">Stellae room<\/a><\/h4><p>A Via L\u00e1ctea passa apenas este hotel e noites estreladas pode sentir como voc\u00ea faz parte dela. Sinta-se uma parte estrela desta rota para o infinito<\/p><\/div><\/div><div class='item'><a href=\"https:\/\/www.hotelsemaforodefisterra.com\/pt-pt\/quartos\/\" class=\"link-image\" title=\"Ventos room\"><img loading=\"lazy\" decoding=\"async\" width=\"750\" height=\"500\" src=\"https:\/\/www.hotelsemaforodefisterra.com\/wp-content\/uploads\/2026\/02\/hb-ventos-almuerzo-hotel-semaforo-finisterre-1024x683.jpg\" class=\"attachment-large size-large\" alt=\"\" srcset=\"https:\/\/www.hotelsemaforodefisterra.com\/wp-content\/uploads\/2026\/02\/hb-ventos-almuerzo-hotel-semaforo-finisterre-1024x683.jpg 1024w, https:\/\/www.hotelsemaforodefisterra.com\/wp-content\/uploads\/2026\/02\/hb-ventos-almuerzo-hotel-semaforo-finisterre-300x200.jpg 300w, https:\/\/www.hotelsemaforodefisterra.com\/wp-content\/uploads\/2026\/02\/hb-ventos-almuerzo-hotel-semaforo-finisterre-768x512.jpg 768w, https:\/\/www.hotelsemaforodefisterra.com\/wp-content\/uploads\/2026\/02\/hb-ventos-almuerzo-hotel-semaforo-finisterre.jpg 1500w\" sizes=\"(max-width: 750px) 100vw, 750px\" \/><\/a><div class=\"item-content\"><h4><a href=\"https:\/\/www.hotelsemaforodefisterra.com\/pt-pt\/quartos\/\">Ventos room<\/a><\/h4><p>Nas noites de tempestade e vendaval voc\u00ea se sentir a partir deste quarto, Mar de Fora, o mais batidas pelo vento e o hit chuva, como faz parte de uma onda que engole voc\u00ea e engole. Um sentimento m\u00e1gico onde voc\u00ea se sente forma segura e confort\u00e1vel, o vento feroz ``Nordes``<\/p><\/div><\/div><\/div>[\/vc_column][\/vc_row]<\/p>\n","protected":false},"excerpt":{"rendered":"<p>[vc_row css=&#8221;.vc_custom_1472121972925{background-position: center !important;background-repeat: no-repeat !important;background-size: cover !important;}&#8221; el_class=&#8221;content-padding-xxl&#8221;][vc_column width=&#8221;1\/2&#8243;][vc_gallery images=&#8221;3339,3340&#8243; img_size=&#8221;large&#8221; columns=&#8221;1&#8243;][\/vc_column][vc_column width=&#8221;1\/2&#8243;][vc_column_text] SONHO NO INFINITOESPA\u00c7OS INTERIORES Este pequeno [&hellip;]<\/p>\n","protected":false},"author":7,"featured_media":0,"parent":0,"menu_order":0,"comment_status":"closed","ping_status":"closed","template":"","meta":{"footnotes":"","_joinchat":[]},"_links":{"self":[{"href":"https:\/\/www.hotelsemaforodefisterra.com\/pt-pt\/wp-json\/wp\/v2\/pages\/3691"}],"collection":[{"href":"https:\/\/www.hotelsemaforodefisterra.com\/pt-pt\/wp-json\/wp\/v2\/pages"}],"about":[{"href":"https:\/\/www.hotelsemaforodefisterra.com\/pt-pt\/wp-json\/wp\/v2\/types\/page"}],"author":[{"embeddable":true,"href":"https:\/\/www.hotelsemaforodefisterra.com\/pt-pt\/wp-json\/wp\/v2\/users\/7"}],"replies":[{"embeddable":true,"href":"https:\/\/www.hotelsemaforodefisterra.com\/pt-pt\/wp-json\/wp\/v2\/comments?post=3691"}],"version-history":[{"count":9,"href":"https:\/\/www.hotelsemaforodefisterra.com\/pt-pt\/wp-json\/wp\/v2\/pages\/3691\/revisions"}],"predecessor-version":[{"id":9829,"href":"https:\/\/www.hotelsemaforodefisterra.com\/pt-pt\/wp-json\/wp\/v2\/pages\/3691\/revisions\/9829"}],"wp:attachment":[{"href":"https:\/\/www.hotelsemaforodefisterra.com\/pt-pt\/wp-json\/wp\/v2\/media?parent=3691"}],"curies":[{"name":"wp","href":"https:\/\/api.w.org\/{rel}","templated":true}]}}

Espaços interiores

<p>[vc_row css=&#8221;.vc_custom_1472121972925{background-position: center !important;background-repeat: no-repeat !important;background-size: cover !important;}&#8221; el_class=&#8221;content-padding-xxl&#8221;][vc_column width=&#8221;1/2&#8243;][vc_gallery images=&#8221;3339,3340&#8243; img_size=&#8221;large&#8221; columns=&#8221;1&#8243;][/vc_column][vc_column width=&#8221;1/2&#8243;][vc_column_text]</p>
<h2><small><strong>SONHO NO INFINITO</strong></small>ESPAÇOS INTERIORES</h2>
<p style="text-align: justify;">Este pequeno hotel está cheio de lugares mágicos para encontrar o seu refúgio e seu tempo.</p>
<p style="text-align: justify;">O nosso salão acolhedor é ideal para a leitura e espaço abstração. Em noites de inverno torna-se o local favorito para descansar sobre o mar, ventos, tempestades, estrada &#8230;</p>
<p style="text-align: justify;">Um pequeno café acomoda 7 mesas suspensas ao lado de cada janela, como um ex-&#8220;parladoiros&#8221; &#8220;tuyyo&#8221; único onde você tem as melhores vistas para o infinito, o ponto mais alto a partir do qual a contemplar este lugar maravilhoso e partilhar, com quem você quer um momento especial.</p>
<p style="text-align: justify;">A sala de jantar onde desfrutar as delícias desta delicatessen próprio hotel. lugares únicos, onde pode abstraerte de tudo e todos, espaços concebidos para o seu almoço ou jantar se tornar uma experiência íntima, particular e especial.</p>
<p style="text-align: justify;">Vida espaços preenchidos: todo o hotel é decorado com produtos da nossa terra, produtos gourmet. Prateleiras, armários e exposições que percorrem toda, cheio de tentações para os cinco sentidos e deixe o amor de nossas delícias culinárias: um vinho tradicional e bagaço famosa reconhecimento mundial, agora estamos a oferecer-lhe espumantes disposição, vermute, cerveja, gim, rum e uma longa lista de produtos galegos de qualidade excepcional, de modo que degustes, cates e pode consumir. Uma miríade de sabores e produtos que fazem parte da nossa decoração e preencher os espaços e cada canto deste estabelecimento</p>
<p>[/vc_column_text][vc_btn title=&#8221;VENHA CONHOCER NOSSAS CANTOS UNIQUE&#8221; style=&#8221;outline-custom&#8221; outline_custom_color=&#8221;#ad854d&#8221; outline_custom_hover_background=&#8221;#666666&#8243; outline_custom_hover_text=&#8221;#ffffff&#8221; align=&#8221;center&#8221; link=&#8221;url:http%3A%2F%2Fwww.hotelsemaforodefisterra.com%2Fpt-pt%2Freservas-pt%2F||&#8221;][/vc_column][/vc_row][vc_row][vc_column]<h2 class="text-center"><small>UNA EXPERIENCIA UNICA Y MEMORABLE</small>DELICATESSEN HOTEL O SEMAFORO DE FISTERRA</h2><div class='services-carousel  owl-with-navigation' data-owl-items='4' data-owl-nav='true' data-owl-nav-text='["Anterior","Seguinte"]' data-owl-loop='true' data-owl-autoplay='true' data-owl-speed='2000' data-owl-hover='true' data-owl-mobile='1' data-owl-tablet='2' data-owl-dots='false'><div class='item'><a href="https://www.hotelsemaforodefisterra.com/pt-pt/quartos/" class="link-image" title="Naufágios Quarto"><img loading="lazy" decoding="async" width="750" height="500" src="https://www.hotelsemaforodefisterra.com/wp-content/uploads/2026/02/hn-naufraxio-hotel-semaforo-fisterra-1024x683.jpg" class="attachment-large size-large" alt="" srcset="https://www.hotelsemaforodefisterra.com/wp-content/uploads/2026/02/hn-naufraxio-hotel-semaforo-fisterra-1024x683.jpg 1024w, https://www.hotelsemaforodefisterra.com/wp-content/uploads/2026/02/hn-naufraxio-hotel-semaforo-fisterra-300x200.jpg 300w, https://www.hotelsemaforodefisterra.com/wp-content/uploads/2026/02/hn-naufraxio-hotel-semaforo-fisterra-768x512.jpg 768w, https://www.hotelsemaforodefisterra.com/wp-content/uploads/2026/02/hn-naufraxio-hotel-semaforo-fisterra.jpg 1500w" sizes="(max-width: 750px) 100vw, 750px" /></a><div class="item-content"><h4><a href="https://www.hotelsemaforodefisterra.com/pt-pt/quartos/">Naufágios Quarto</a></h4><p>Neste quarto você será parte da história, a história de naufrágios que reivindicou isso. Quarto tema com elementos do mar de navios antigos, legenda naufrágios. Você descobre segredos que só este quarto sussurrar para você</p></div></div><div class='item'><a href="https://www.hotelsemaforodefisterra.com/pt-pt/quartos/" class="link-image" title="Semaforo room"><img loading="lazy" decoding="async" width="750" height="500" src="https://www.hotelsemaforodefisterra.com/wp-content/uploads/2026/02/hb-semaforo-desayuno-hotel-semaforo-fisterra-1024x683.jpg" class="attachment-large size-large" alt="" srcset="https://www.hotelsemaforodefisterra.com/wp-content/uploads/2026/02/hb-semaforo-desayuno-hotel-semaforo-fisterra-1024x683.jpg 1024w, https://www.hotelsemaforodefisterra.com/wp-content/uploads/2026/02/hb-semaforo-desayuno-hotel-semaforo-fisterra-300x200.jpg 300w, https://www.hotelsemaforodefisterra.com/wp-content/uploads/2026/02/hb-semaforo-desayuno-hotel-semaforo-fisterra-768x512.jpg 768w, https://www.hotelsemaforodefisterra.com/wp-content/uploads/2026/02/hb-semaforo-desayuno-hotel-semaforo-fisterra.jpg 1500w" sizes="(max-width: 750px) 100vw, 750px" /></a><div class="item-content"><h4><a href="https://www.hotelsemaforodefisterra.com/pt-pt/quartos/">Semaforo room</a></h4><p>A comunicação entre o farol e barcos, foi feita através de bandeiras de sinalização, colocada nesses edifícios chamados semáforos, junto ao Farol. Neste quarto que recriar a comunicação e dar vida a essa linguagem</p></div></div><div class='item'><a href="https://www.hotelsemaforodefisterra.com/pt-pt/quartos/" class="link-image" title="Faróis room"><img loading="lazy" decoding="async" width="750" height="500" src="https://www.hotelsemaforodefisterra.com/wp-content/uploads/2026/02/hb-faros-desayuno-hotel-semaforo-finisterre-1024x683.jpg" class="attachment-large size-large" alt="" srcset="https://www.hotelsemaforodefisterra.com/wp-content/uploads/2026/02/hb-faros-desayuno-hotel-semaforo-finisterre-1024x683.jpg 1024w, https://www.hotelsemaforodefisterra.com/wp-content/uploads/2026/02/hb-faros-desayuno-hotel-semaforo-finisterre-300x200.jpg 300w, https://www.hotelsemaforodefisterra.com/wp-content/uploads/2026/02/hb-faros-desayuno-hotel-semaforo-finisterre-768x512.jpg 768w, https://www.hotelsemaforodefisterra.com/wp-content/uploads/2026/02/hb-faros-desayuno-hotel-semaforo-finisterre.jpg 1500w" sizes="(max-width: 750px) 100vw, 750px" /></a><div class="item-content"><h4><a href="https://www.hotelsemaforodefisterra.com/pt-pt/quartos/">Faróis room</a></h4><p>Você não estará sozinho neste quarto ... vai acompanhar as balizas mais importantes da Galiza. Neste quarto vai ver passar a luz refletida do farol, a cada 4 segundos você vai testemunhar a sua luz, a última luz deste lado do continente, a última luz que tenho visto muitos náufragos e luz que salvou muitas vidas.</p></div></div><div class='item'><a href="https://www.hotelsemaforodefisterra.com/pt-pt/quartos/" class="link-image" title="Stellae room"><img loading="lazy" decoding="async" width="750" height="500" src="https://www.hotelsemaforodefisterra.com/wp-content/uploads/2026/02/hb-stellae-desayuno-hotel-semaforo-fisterra-1024x683.jpg" class="attachment-large size-large" alt="" srcset="https://www.hotelsemaforodefisterra.com/wp-content/uploads/2026/02/hb-stellae-desayuno-hotel-semaforo-fisterra-1024x683.jpg 1024w, https://www.hotelsemaforodefisterra.com/wp-content/uploads/2026/02/hb-stellae-desayuno-hotel-semaforo-fisterra-300x200.jpg 300w, https://www.hotelsemaforodefisterra.com/wp-content/uploads/2026/02/hb-stellae-desayuno-hotel-semaforo-fisterra-768x512.jpg 768w, https://www.hotelsemaforodefisterra.com/wp-content/uploads/2026/02/hb-stellae-desayuno-hotel-semaforo-fisterra.jpg 1500w" sizes="(max-width: 750px) 100vw, 750px" /></a><div class="item-content"><h4><a href="https://www.hotelsemaforodefisterra.com/pt-pt/quartos/">Stellae room</a></h4><p>A Via Láctea passa apenas este hotel e noites estreladas pode sentir como você faz parte dela. Sinta-se uma parte estrela desta rota para o infinito</p></div></div><div class='item'><a href="https://www.hotelsemaforodefisterra.com/pt-pt/quartos/" class="link-image" title="Ventos room"><img loading="lazy" decoding="async" width="750" height="500" src="https://www.hotelsemaforodefisterra.com/wp-content/uploads/2026/02/hb-ventos-almuerzo-hotel-semaforo-finisterre-1024x683.jpg" class="attachment-large size-large" alt="" srcset="https://www.hotelsemaforodefisterra.com/wp-content/uploads/2026/02/hb-ventos-almuerzo-hotel-semaforo-finisterre-1024x683.jpg 1024w, https://www.hotelsemaforodefisterra.com/wp-content/uploads/2026/02/hb-ventos-almuerzo-hotel-semaforo-finisterre-300x200.jpg 300w, https://www.hotelsemaforodefisterra.com/wp-content/uploads/2026/02/hb-ventos-almuerzo-hotel-semaforo-finisterre-768x512.jpg 768w, https://www.hotelsemaforodefisterra.com/wp-content/uploads/2026/02/hb-ventos-almuerzo-hotel-semaforo-finisterre.jpg 1500w" sizes="(max-width: 750px) 100vw, 750px" /></a><div class="item-content"><h4><a href="https://www.hotelsemaforodefisterra.com/pt-pt/quartos/">Ventos room</a></h4><p>Nas noites de tempestade e vendaval você se sentir a partir deste quarto, Mar de Fora, o mais batidas pelo vento e o hit chuva, como faz parte de uma onda que engole você e engole. Um sentimento mágico onde você se sente forma segura e confortável, o vento feroz ``Nordes``</p></div></div></div>[/vc_column][/vc_row]</p>

<p>[vc_row css=&#8221;.vc_custom_1472121972925{background-position: center !important;background-repeat: no-repeat !important;background-size: cover !important;}&#8221; el_class=&#8221;content-padding-xxl&#8221;][vc_column width=&#8221;1/2&#8243;][vc_gallery images=&#8221;3339,3340&#8243; img_size=&#8221;large&#8221; columns=&#8221;1&#8243;][/vc_column][vc_column width=&#8221;1/2&#8243;][vc_column_text] SONHO NO INFINITOESPAÇOS INTERIORES Este pequeno [&hellip;]</p>
