{"id":3689,"date":"2016-07-15T13:48:35","date_gmt":"2016-07-15T13:48:35","guid":{"rendered":"http:\/\/www.hotelsemaforodefisterra.com\/gl\/espacios-infinitos\/"},"modified":"2016-09-14T14:52:00","modified_gmt":"2016-09-14T14:52:00","slug":"espacios-infinitos","status":"publish","type":"page","link":"https:\/\/www.hotelsemaforodefisterra.com\/gl\/espacios-infinitos\/","title":{"rendered":"Espazos infinitos"},"content":{"rendered":"<p>[vc_row content_placement=&#8221;top&#8221;][vc_column width=&#8221;1\/2&#8243;][vc_column_text]<\/p>\n<h2><small><strong>SO\u00d1AR NO INFINITO<\/strong><\/small>ESPACIOS INFINITOS<\/h2>\n<p>Desde as nosas instalaci\u00f3ns temos as mellores vistas ao infinito.<\/p>\n<ul>\n<li>As postas de sol<\/li>\n<li>A costa da morte<\/li>\n<li>A famosa pedra de O Centolo<\/li>\n<li>O MonteFacho<\/li>\n<li>As ubicaciones de naufraxios<\/li>\n<li>O \u00c9zaro e o Monte Pindo<\/li>\n<\/ul>\n<p>Nas nosas terrazas infinity poder\u00e1s saborear deliciosos momentos que dese\u00f1amos para ti: sesi\u00f3ns verm\u00fa, concertos, momento posta de sol, conta contos e unha infinidade de actividades que ao longo do ano enchen de vida os nosos espazos exteriores.<\/p>\n<p><ins><strong>Terraza de O REFUXIO<\/strong><\/ins><br \/>\nOrientada cara a Ou Centolo e cara \u00e1 mellor posta de sol nos meses de Xullo a Outubro, ten unha capacidade para 24 persoas<\/p>\n<p><ins><strong>Terraza Leste de O SEMAFORO<\/strong><\/ins><br \/>\nUn espazo onde poder divisar tanto a zona do \u201cMar de Fora\u201d, cara a Ou Centolo e a posta de sol, como poder admirar a costa do \u00c9zaro, Carnota, e o interior da Ria. Un aut\u00e9ntico espect\u00e1culo para que poidas sentirche c\u00f3modo e gozar de horas e horas destas panor\u00e1micas, boa m\u00fasica e os mellores produtos de Galicia, nun espazo estilo chill out<\/p>\n<p><ins><strong>Terraza Oeste de O SEMAFORO<\/strong><\/ins><br \/>\nOrientada cara ao mesmo Faro, cara ao punto final da Terra, nunha ampla terraza onde antigamente situ\u00e1base o mastro dos sinais de comunicaci\u00f3n aos barcos. Un gran espazo onde se ten unha panor\u00e1mica do Fin do mundo. Un espazo onde poder degustar da nosa gastronom\u00eda, onde poder asistir a degustaci\u00f3ns, presentaci\u00f3ns de produtos, concertos, e unha infinidade de actividades<\/p>\n<p><ins><strong>Ao redor de O SEMAFORO<\/strong><\/ins><br \/>\nTodo o contorno do edificio Ou Sem\u00e1foro esta dese\u00f1ado para que poidas acceder a informaci\u00f3n da contorna do Faro: Nufragios, Costa da Morte, Historia do Faro, cultura e tradici\u00f3n, etc. Recunchos marabillosos onde ter\u00e1s unha intimidade m\u00e1xima e estar\u00e1s resgardado de todo e de todos.<\/p>\n<p>Espazos creados para ti e o teu goce, espazos onde darche unha homenaxe e marabillarche da espectacularidade das s\u00faas vistas e da experiencia de estar no FIN DO MUNDO[\/vc_column_text][vc_btn title=&#8221;VEN A CO\u00d1ECER O INFINITO &#8221; style=&#8221;outline-custom&#8221; outline_custom_color=&#8221;#ad854d&#8221; outline_custom_hover_background=&#8221;#666666&#8243; outline_custom_hover_text=&#8221;#ffffff&#8221; align=&#8221;center&#8221; link=&#8221;url:http%3A%2F%2Fwww.hotelsemaforodefisterra.com%2Fgl%2Freservas-gal%2F||&#8221;][\/vc_column][vc_column width=&#8221;1\/2&#8243;][vc_gallery images=&#8221;2909,3109,3166,3167,3122,3292,3367,3369,3370,3368&#8243; img_size=&#8221;medium&#8221; columns=&#8221;2&#8243;][\/vc_column][\/vc_row][vc_row][vc_column]<h2 class=\"text-center\"><small>\u00bfQUERES VISITAR O noso HOTEL?<\/small>DELICATESSEN HOTEL O SEM\u00c1FORO DE FISTERRA<\/h2><div class='services-carousel  owl-with-navigation' data-owl-items='4' data-owl-nav='true' data-owl-nav-text='[\"Anterior\",\"Seguinte\"]' data-owl-loop='true' data-owl-autoplay='true' data-owl-speed='2000' data-owl-hover='true' data-owl-mobile='1' data-owl-tablet='2' data-owl-dots='false'><div class='item'><a href=\"https:\/\/www.hotelsemaforodefisterra.com\/gl\/habitacions\/\" class=\"link-image\" title=\"Habitaci\u00f3ns\"><img loading=\"lazy\" decoding=\"async\" width=\"586\" height=\"440\" src=\"https:\/\/www.hotelsemaforodefisterra.com\/wp-content\/uploads\/2016\/08\/habitacion-hotel-semaforo-fisterra.jpg\" class=\"attachment-large size-large\" alt=\"\" srcset=\"https:\/\/www.hotelsemaforodefisterra.com\/wp-content\/uploads\/2016\/08\/habitacion-hotel-semaforo-fisterra.jpg 586w, https:\/\/www.hotelsemaforodefisterra.com\/wp-content\/uploads\/2016\/08\/habitacion-hotel-semaforo-fisterra-300x225.jpg 300w\" sizes=\"(max-width: 586px) 100vw, 586px\" \/><\/a><div class=\"item-content\"><h4><a href=\"https:\/\/www.hotelsemaforodefisterra.com\/gl\/habitacions\/\">Habitaci\u00f3ns<\/a><\/h4><p>Situadas en primeira li\u00f1a do mar, ofrecen un universo de relax e confort infinito.<\/p><\/div><\/div><div class='item'><a href=\"https:\/\/www.hotelsemaforodefisterra.com\/gl\/restaurante-del-semaforo\/\" class=\"link-image\" title=\"Restaurante O semafORO\"><img loading=\"lazy\" decoding=\"async\" width=\"750\" height=\"401\" src=\"https:\/\/www.hotelsemaforodefisterra.com\/wp-content\/uploads\/2016\/07\/IMG_5736-1024x548-1024x548.jpg\" class=\"attachment-large size-large\" alt=\"\" srcset=\"https:\/\/www.hotelsemaforodefisterra.com\/wp-content\/uploads\/2016\/07\/IMG_5736-1024x548.jpg 1024w, https:\/\/www.hotelsemaforodefisterra.com\/wp-content\/uploads\/2016\/07\/IMG_5736-1024x548-300x161.jpg 300w, https:\/\/www.hotelsemaforodefisterra.com\/wp-content\/uploads\/2016\/07\/IMG_5736-1024x548-768x411.jpg 768w\" sizes=\"(max-width: 750px) 100vw, 750px\" \/><\/a><div class=\"item-content\"><h4><a href=\"https:\/\/www.hotelsemaforodefisterra.com\/gl\/restaurante-del-semaforo\/\">Restaurante O semafORO<\/a><\/h4><p>Unha ampla oferta gastron\u00f3mica centrada nos produtos de Galicia.<\/p><\/div><\/div><div class='item'><a href=\"https:\/\/www.hotelsemaforodefisterra.com\/gl\/o-refuxio-del-semaforo\/\" class=\"link-image\" title=\"O Refuxio del semafORO\"><img loading=\"lazy\" decoding=\"async\" width=\"750\" height=\"498\" src=\"https:\/\/www.hotelsemaforodefisterra.com\/wp-content\/uploads\/2016\/08\/Bar-o-sem\u00e1foro-de-fisterra-1024x680.jpg\" class=\"attachment-large size-large\" alt=\"\" srcset=\"https:\/\/www.hotelsemaforodefisterra.com\/wp-content\/uploads\/2016\/08\/Bar-o-sem\u00e1foro-de-fisterra-1024x680.jpg 1024w, https:\/\/www.hotelsemaforodefisterra.com\/wp-content\/uploads\/2016\/08\/Bar-o-sem\u00e1foro-de-fisterra-300x199.jpg 300w, https:\/\/www.hotelsemaforodefisterra.com\/wp-content\/uploads\/2016\/08\/Bar-o-sem\u00e1foro-de-fisterra-768x510.jpg 768w\" sizes=\"(max-width: 750px) 100vw, 750px\" \/><\/a><div class=\"item-content\"><h4><a href=\"https:\/\/www.hotelsemaforodefisterra.com\/gl\/o-refuxio-del-semaforo\/\">O Refuxio del semafORO<\/a><\/h4><p>Algo r\u00e1pido, rico e saboroso, que che permita gozar f\u00f3ra, fronte ao infinito<\/p><\/div><\/div><div class='item'><a href=\"https:\/\/www.hotelsemaforodefisterra.com\/gl\/fisterra\/\" class=\"link-image\" title=\"Finisterre\"><img loading=\"lazy\" decoding=\"async\" width=\"750\" height=\"563\" src=\"https:\/\/www.hotelsemaforodefisterra.com\/wp-content\/uploads\/2016\/07\/Costa-da-morte-faro-de-fisterra-1024x768.jpg\" class=\"attachment-large size-large\" alt=\"\" srcset=\"https:\/\/www.hotelsemaforodefisterra.com\/wp-content\/uploads\/2016\/07\/Costa-da-morte-faro-de-fisterra-1024x768.jpg 1024w, https:\/\/www.hotelsemaforodefisterra.com\/wp-content\/uploads\/2016\/07\/Costa-da-morte-faro-de-fisterra-300x225.jpg 300w, https:\/\/www.hotelsemaforodefisterra.com\/wp-content\/uploads\/2016\/07\/Costa-da-morte-faro-de-fisterra-768x576.jpg 768w\" sizes=\"(max-width: 750px) 100vw, 750px\" \/><\/a><div class=\"item-content\"><h4><a href=\"https:\/\/www.hotelsemaforodefisterra.com\/gl\/fisterra\/\">Finisterre<\/a><\/h4><p>O fin do cami\u00f1o, finis terrae.<\/p><\/div><\/div><div class='item'><a href=\"https:\/\/www.hotelsemaforodefisterra.com\/gl\/costa-da-morte\/\" class=\"link-image\" title=\"Costa da Morte\"><img loading=\"lazy\" decoding=\"async\" width=\"750\" height=\"475\" src=\"https:\/\/www.hotelsemaforodefisterra.com\/wp-content\/uploads\/2016\/08\/bota-peregrinos-finisterre-1024x648.jpg\" class=\"attachment-large size-large\" alt=\"\" srcset=\"https:\/\/www.hotelsemaforodefisterra.com\/wp-content\/uploads\/2016\/08\/bota-peregrinos-finisterre-1024x648.jpg 1024w, https:\/\/www.hotelsemaforodefisterra.com\/wp-content\/uploads\/2016\/08\/bota-peregrinos-finisterre-300x190.jpg 300w, https:\/\/www.hotelsemaforodefisterra.com\/wp-content\/uploads\/2016\/08\/bota-peregrinos-finisterre-768x486.jpg 768w\" sizes=\"(max-width: 750px) 100vw, 750px\" \/><\/a><div class=\"item-content\"><h4><a href=\"https:\/\/www.hotelsemaforodefisterra.com\/gl\/costa-da-morte\/\">Costa da Morte<\/a><\/h4><p>A tradici\u00f3n mari\u00f1eira da rexi\u00f3n vese reflectida nos seus costumes, nas s\u00faas festas e na s\u00faa gastronom\u00eda.<\/p><\/div><\/div><\/div>[\/vc_column][\/vc_row]<\/p>\n","protected":false},"excerpt":{"rendered":"<p>[vc_row content_placement=&#8221;top&#8221;][vc_column width=&#8221;1\/2&#8243;][vc_column_text] SO\u00d1AR NO INFINITOESPACIOS INFINITOS Desde as nosas instalaci\u00f3ns temos as mellores vistas ao infinito. As postas de [&hellip;]<\/p>\n","protected":false},"author":7,"featured_media":0,"parent":0,"menu_order":0,"comment_status":"closed","ping_status":"closed","template":"","meta":{"footnotes":"","_joinchat":[]},"_links":{"self":[{"href":"https:\/\/www.hotelsemaforodefisterra.com\/gl\/wp-json\/wp\/v2\/pages\/3689"}],"collection":[{"href":"https:\/\/www.hotelsemaforodefisterra.com\/gl\/wp-json\/wp\/v2\/pages"}],"about":[{"href":"https:\/\/www.hotelsemaforodefisterra.com\/gl\/wp-json\/wp\/v2\/types\/page"}],"author":[{"embeddable":true,"href":"https:\/\/www.hotelsemaforodefisterra.com\/gl\/wp-json\/wp\/v2\/users\/7"}],"replies":[{"embeddable":true,"href":"https:\/\/www.hotelsemaforodefisterra.com\/gl\/wp-json\/wp\/v2\/comments?post=3689"}],"version-history":[{"count":6,"href":"https:\/\/www.hotelsemaforodefisterra.com\/gl\/wp-json\/wp\/v2\/pages\/3689\/revisions"}],"predecessor-version":[{"id":3708,"href":"https:\/\/www.hotelsemaforodefisterra.com\/gl\/wp-json\/wp\/v2\/pages\/3689\/revisions\/3708"}],"wp:attachment":[{"href":"https:\/\/www.hotelsemaforodefisterra.com\/gl\/wp-json\/wp\/v2\/media?parent=3689"}],"curies":[{"name":"wp","href":"https:\/\/api.w.org\/{rel}","templated":true}]}}

<p>[vc_row content_placement=&#8221;top&#8221;][vc_column width=&#8221;1/2&#8243;][vc_column_text]</p>
<h2><small><strong>SOÑAR NO INFINITO</strong></small>ESPACIOS INFINITOS</h2>
<p>Desde as nosas instalacións temos as mellores vistas ao infinito.</p>
<ul>
<li>As postas de sol</li>
<li>A costa da morte</li>
<li>A famosa pedra de O Centolo</li>
<li>O MonteFacho</li>
<li>As ubicaciones de naufraxios</li>
<li>O Ézaro e o Monte Pindo</li>
</ul>
<p>Nas nosas terrazas infinity poderás saborear deliciosos momentos que deseñamos para ti: sesións vermú, concertos, momento posta de sol, conta contos e unha infinidade de actividades que ao longo do ano enchen de vida os nosos espazos exteriores.</p>
<p><ins><strong>Terraza de O REFUXIO</strong></ins><br />
Orientada cara a Ou Centolo e cara á mellor posta de sol nos meses de Xullo a Outubro, ten unha capacidade para 24 persoas</p>
<p><ins><strong>Terraza Leste de O SEMAFORO</strong></ins><br />
Un espazo onde poder divisar tanto a zona do “Mar de Fora”, cara a Ou Centolo e a posta de sol, como poder admirar a costa do Ézaro, Carnota, e o interior da Ria. Un auténtico espectáculo para que poidas sentirche cómodo e gozar de horas e horas destas panorámicas, boa música e os mellores produtos de Galicia, nun espazo estilo chill out</p>
<p><ins><strong>Terraza Oeste de O SEMAFORO</strong></ins><br />
Orientada cara ao mesmo Faro, cara ao punto final da Terra, nunha ampla terraza onde antigamente situábase o mastro dos sinais de comunicación aos barcos. Un gran espazo onde se ten unha panorámica do Fin do mundo. Un espazo onde poder degustar da nosa gastronomía, onde poder asistir a degustacións, presentacións de produtos, concertos, e unha infinidade de actividades</p>
<p><ins><strong>Ao redor de O SEMAFORO</strong></ins><br />
Todo o contorno do edificio Ou Semáforo esta deseñado para que poidas acceder a información da contorna do Faro: Nufragios, Costa da Morte, Historia do Faro, cultura e tradición, etc. Recunchos marabillosos onde terás unha intimidade máxima e estarás resgardado de todo e de todos.</p>
<p>Espazos creados para ti e o teu goce, espazos onde darche unha homenaxe e marabillarche da espectacularidade das súas vistas e da experiencia de estar no FIN DO MUNDO[/vc_column_text][vc_btn title=&#8221;VEN A COÑECER O INFINITO &#8221; style=&#8221;outline-custom&#8221; outline_custom_color=&#8221;#ad854d&#8221; outline_custom_hover_background=&#8221;#666666&#8243; outline_custom_hover_text=&#8221;#ffffff&#8221; align=&#8221;center&#8221; link=&#8221;url:http%3A%2F%2Fwww.hotelsemaforodefisterra.com%2Fgl%2Freservas-gal%2F||&#8221;][/vc_column][vc_column width=&#8221;1/2&#8243;][vc_gallery images=&#8221;2909,3109,3166,3167,3122,3292,3367,3369,3370,3368&#8243; img_size=&#8221;medium&#8221; columns=&#8221;2&#8243;][/vc_column][/vc_row][vc_row][vc_column]<h2 class="text-center"><small>¿QUERES VISITAR O noso HOTEL?</small>DELICATESSEN HOTEL O SEMÁFORO DE FISTERRA</h2><div class='services-carousel  owl-with-navigation' data-owl-items='4' data-owl-nav='true' data-owl-nav-text='["Anterior","Seguinte"]' data-owl-loop='true' data-owl-autoplay='true' data-owl-speed='2000' data-owl-hover='true' data-owl-mobile='1' data-owl-tablet='2' data-owl-dots='false'><div class='item'><a href="https://www.hotelsemaforodefisterra.com/gl/habitacions/" class="link-image" title="Habitacións"><img loading="lazy" decoding="async" width="586" height="440" src="https://www.hotelsemaforodefisterra.com/wp-content/uploads/2016/08/habitacion-hotel-semaforo-fisterra.jpg" class="attachment-large size-large" alt="" srcset="https://www.hotelsemaforodefisterra.com/wp-content/uploads/2016/08/habitacion-hotel-semaforo-fisterra.jpg 586w, https://www.hotelsemaforodefisterra.com/wp-content/uploads/2016/08/habitacion-hotel-semaforo-fisterra-300x225.jpg 300w" sizes="(max-width: 586px) 100vw, 586px" /></a><div class="item-content"><h4><a href="https://www.hotelsemaforodefisterra.com/gl/habitacions/">Habitacións</a></h4><p>Situadas en primeira liña do mar, ofrecen un universo de relax e confort infinito.</p></div></div><div class='item'><a href="https://www.hotelsemaforodefisterra.com/gl/restaurante-del-semaforo/" class="link-image" title="Restaurante O semafORO"><img loading="lazy" decoding="async" width="750" height="401" src="https://www.hotelsemaforodefisterra.com/wp-content/uploads/2016/07/IMG_5736-1024x548-1024x548.jpg" class="attachment-large size-large" alt="" srcset="https://www.hotelsemaforodefisterra.com/wp-content/uploads/2016/07/IMG_5736-1024x548.jpg 1024w, https://www.hotelsemaforodefisterra.com/wp-content/uploads/2016/07/IMG_5736-1024x548-300x161.jpg 300w, https://www.hotelsemaforodefisterra.com/wp-content/uploads/2016/07/IMG_5736-1024x548-768x411.jpg 768w" sizes="(max-width: 750px) 100vw, 750px" /></a><div class="item-content"><h4><a href="https://www.hotelsemaforodefisterra.com/gl/restaurante-del-semaforo/">Restaurante O semafORO</a></h4><p>Unha ampla oferta gastronómica centrada nos produtos de Galicia.</p></div></div><div class='item'><a href="https://www.hotelsemaforodefisterra.com/gl/o-refuxio-del-semaforo/" class="link-image" title="O Refuxio del semafORO"><img loading="lazy" decoding="async" width="750" height="498" src="https://www.hotelsemaforodefisterra.com/wp-content/uploads/2016/08/Bar-o-semáforo-de-fisterra-1024x680.jpg" class="attachment-large size-large" alt="" srcset="https://www.hotelsemaforodefisterra.com/wp-content/uploads/2016/08/Bar-o-semáforo-de-fisterra-1024x680.jpg 1024w, https://www.hotelsemaforodefisterra.com/wp-content/uploads/2016/08/Bar-o-semáforo-de-fisterra-300x199.jpg 300w, https://www.hotelsemaforodefisterra.com/wp-content/uploads/2016/08/Bar-o-semáforo-de-fisterra-768x510.jpg 768w" sizes="(max-width: 750px) 100vw, 750px" /></a><div class="item-content"><h4><a href="https://www.hotelsemaforodefisterra.com/gl/o-refuxio-del-semaforo/">O Refuxio del semafORO</a></h4><p>Algo rápido, rico e saboroso, que che permita gozar fóra, fronte ao infinito</p></div></div><div class='item'><a href="https://www.hotelsemaforodefisterra.com/gl/fisterra/" class="link-image" title="Finisterre"><img loading="lazy" decoding="async" width="750" height="563" src="https://www.hotelsemaforodefisterra.com/wp-content/uploads/2016/07/Costa-da-morte-faro-de-fisterra-1024x768.jpg" class="attachment-large size-large" alt="" srcset="https://www.hotelsemaforodefisterra.com/wp-content/uploads/2016/07/Costa-da-morte-faro-de-fisterra-1024x768.jpg 1024w, https://www.hotelsemaforodefisterra.com/wp-content/uploads/2016/07/Costa-da-morte-faro-de-fisterra-300x225.jpg 300w, https://www.hotelsemaforodefisterra.com/wp-content/uploads/2016/07/Costa-da-morte-faro-de-fisterra-768x576.jpg 768w" sizes="(max-width: 750px) 100vw, 750px" /></a><div class="item-content"><h4><a href="https://www.hotelsemaforodefisterra.com/gl/fisterra/">Finisterre</a></h4><p>O fin do camiño, finis terrae.</p></div></div><div class='item'><a href="https://www.hotelsemaforodefisterra.com/gl/costa-da-morte/" class="link-image" title="Costa da Morte"><img loading="lazy" decoding="async" width="750" height="475" src="https://www.hotelsemaforodefisterra.com/wp-content/uploads/2016/08/bota-peregrinos-finisterre-1024x648.jpg" class="attachment-large size-large" alt="" srcset="https://www.hotelsemaforodefisterra.com/wp-content/uploads/2016/08/bota-peregrinos-finisterre-1024x648.jpg 1024w, https://www.hotelsemaforodefisterra.com/wp-content/uploads/2016/08/bota-peregrinos-finisterre-300x190.jpg 300w, https://www.hotelsemaforodefisterra.com/wp-content/uploads/2016/08/bota-peregrinos-finisterre-768x486.jpg 768w" sizes="(max-width: 750px) 100vw, 750px" /></a><div class="item-content"><h4><a href="https://www.hotelsemaforodefisterra.com/gl/costa-da-morte/">Costa da Morte</a></h4><p>A tradición mariñeira da rexión vese reflectida nos seus costumes, nas súas festas e na súa gastronomía.</p></div></div></div>[/vc_column][/vc_row]</p>

<p>[vc_row content_placement=&#8221;top&#8221;][vc_column width=&#8221;1/2&#8243;][vc_column_text] SOÑAR NO INFINITOESPACIOS INFINITOS Desde as nosas instalacións temos as mellores vistas ao infinito. As postas de [&hellip;]</p>
