{"id":3616,"date":"2016-07-28T09:30:56","date_gmt":"2016-07-28T09:30:56","guid":{"rendered":"http:\/\/www.hotelsemaforodefisterra.com\/en\/costa-da-morte\/"},"modified":"2016-09-12T11:35:29","modified_gmt":"2016-09-12T11:35:29","slug":"costa-da-morte","status":"publish","type":"page","link":"https:\/\/www.hotelsemaforodefisterra.com\/en\/costa-da-morte\/","title":{"rendered":"Costa da morte"},"content":{"rendered":"<p>[vc_row full_width=&#8221;stretch_row&#8221; parallax=&#8221;content-moving&#8221; position=&#8221;right center&#8221; css=&#8221;.vc_custom_1472041434074{margin-top: 32px !important;background-image: url(https:\/\/www.hotelsemaforodefisterra.com\/wp-content\/uploads\/2016\/07\/Costa-da-morte-faro-de-fisterra.jpg?id=3006) !important;background-position: center;background-repeat: no-repeat !important;background-size: cover !important;}&#8221;][vc_column el_class=&#8221;white-box content-padding text-uppercase&#8221;][vc_column_text]<\/p>\n<h2 class=\"text-uppercase\" style=\"text-align: center;\"><small>At the edge<br \/>\n<\/small>COSTA DA MORTE<\/h2>\n<p style=\"text-align: center;\">Costa da Morte is a Galician coastal region located in the northwest of A Coru\u00f1a. Its name comes from the many shipwrecks that have occurred throughout history off its coast and is in this area, full of myths and legends, where it was believed that the end of the world (Finis Terrae was &#8211; Finisterre &#8211; Fisterra). The coastline is rugged, with spectacular cliffs such as Cape Vilan and huge beaches like Carnota (the longest of Galicia), Baldaio and O Face.<\/p>\n<p style=\"text-align: center;\">Among its nature stand corners as Mount Pindo Carnota, the magical Cape Vilan Camari\u00f1as, Sisargas Illas, beach or thirteen, the Anll\u00f3ns river, the Penedos de Pasarela and Traba Laxe and Vimianzo, creeks, wild beaches, estuaries like Camari\u00f1as and Cape Finisterre, chosen by many pilgrims to terminate the Camino de Santiago. Man has added to this spectacular place lighthouses, fishing ports, traditions and legends. Muxia and off Cape villain the sanctuary of the Virgen de la Barca, object of prayers to try to calm the fury of the sea rises.<\/p>\n<p style=\"text-align: center;\">In the historical and artistic heritage of the Costa da Morte also shine the granaries, the Roman bridge Lubi\u00e1ns, stones Abalar and Os Cadr\u00eds, Castle Vimianzo, the Torres do Allo, the port of Cai\u00f3n, castrate of Borneiro , manor houses Corcubion, churches such as Santa Maria das Areas and the English Cemetery in Camari\u00f1as, reminiscent of the 172 who died in the tragedy of the Serpent in 1890 off Cape Vilan.<\/p>\n<p style=\"text-align: center;\">The maritime tradition of the region is reflected in their customs, their festivals and cuisine, featuring seafood premier among which seafood. In addition, renowned in their fields Galicia potato is produced with Designation of Origin. The Costa da Morte is an ideal place for tours and excursions and sports like surfing destination.<\/p>\n<p style=\"text-align: center;\"><a class=\"btn btn-inline\" href=\"https:\/\/www.hotelsemaforodefisterra.com\/en\/reservation\/\">THE BEST SITE FROM WHERE KNOW<\/a><\/p>\n<p>[\/vc_column_text][\/vc_column][\/vc_row][vc_row][vc_column]<h2 class=\"text-center\"><small>DO YOU WANT TO VISIT OUR HOTEL?<\/small>DELICATESSEN HOTEL O SEM\u00c1FORO DE FISTERRA<\/h2><div class='services-carousel  owl-with-navigation' data-owl-items='4' data-owl-nav='true' data-owl-nav-text='[\"Previus\",\"Next\"]' data-owl-loop='true' data-owl-autoplay='true' data-owl-speed='2000' data-owl-hover='true' data-owl-mobile='1' data-owl-tablet='2' data-owl-dots='false'><div class='item'><a href=\"https:\/\/www.hotelsemaforodefisterra.com\/en\/hotel-rooms\/\" class=\"link-image\" title=\"Rooms\"><img loading=\"lazy\" decoding=\"async\" width=\"586\" height=\"440\" src=\"https:\/\/www.hotelsemaforodefisterra.com\/wp-content\/uploads\/2016\/08\/habitacion-hotel-semaforo-fisterra.jpg\" class=\"attachment-large size-large\" alt=\"\" srcset=\"https:\/\/www.hotelsemaforodefisterra.com\/wp-content\/uploads\/2016\/08\/habitacion-hotel-semaforo-fisterra.jpg 586w, https:\/\/www.hotelsemaforodefisterra.com\/wp-content\/uploads\/2016\/08\/habitacion-hotel-semaforo-fisterra-300x225.jpg 300w\" sizes=\"(max-width: 586px) 100vw, 586px\" \/><\/a><div class=\"item-content\"><h4><a href=\"https:\/\/www.hotelsemaforodefisterra.com\/en\/hotel-rooms\/\">Rooms<\/a><\/h4><p>Located at the End of the World ... they offer infinite universe of relaxation and comfort.<\/p><\/div><\/div><div class='item'><a href=\"https:\/\/www.hotelsemaforodefisterra.com\/en\/restaurante-del-semaforo\/\" class=\"link-image\" title=\"O semafORO restaurant\"><img loading=\"lazy\" decoding=\"async\" width=\"750\" height=\"401\" src=\"https:\/\/www.hotelsemaforodefisterra.com\/wp-content\/uploads\/2016\/07\/IMG_5736-1024x548-1024x548.jpg\" class=\"attachment-large size-large\" alt=\"\" srcset=\"https:\/\/www.hotelsemaforodefisterra.com\/wp-content\/uploads\/2016\/07\/IMG_5736-1024x548.jpg 1024w, https:\/\/www.hotelsemaforodefisterra.com\/wp-content\/uploads\/2016\/07\/IMG_5736-1024x548-300x161.jpg 300w, https:\/\/www.hotelsemaforodefisterra.com\/wp-content\/uploads\/2016\/07\/IMG_5736-1024x548-768x411.jpg 768w\" sizes=\"(max-width: 750px) 100vw, 750px\" \/><\/a><div class=\"item-content\"><h4><a href=\"https:\/\/www.hotelsemaforodefisterra.com\/en\/restaurante-del-semaforo\/\">O semafORO restaurant<\/a><\/h4><p><br \/>\nA wide range of cuisine focused on products Galicia.<\/p><\/div><\/div><div class='item'><a href=\"https:\/\/www.hotelsemaforodefisterra.com\/en\/o-refuxio-del-semaforo\/\" class=\"link-image\" title=\"O Refuxio del semafORO\"><img loading=\"lazy\" decoding=\"async\" width=\"750\" height=\"498\" src=\"https:\/\/www.hotelsemaforodefisterra.com\/wp-content\/uploads\/2016\/08\/Bar-o-sem\u00e1foro-de-fisterra-1024x680.jpg\" class=\"attachment-large size-large\" alt=\"\" srcset=\"https:\/\/www.hotelsemaforodefisterra.com\/wp-content\/uploads\/2016\/08\/Bar-o-sem\u00e1foro-de-fisterra-1024x680.jpg 1024w, https:\/\/www.hotelsemaforodefisterra.com\/wp-content\/uploads\/2016\/08\/Bar-o-sem\u00e1foro-de-fisterra-300x199.jpg 300w, https:\/\/www.hotelsemaforodefisterra.com\/wp-content\/uploads\/2016\/08\/Bar-o-sem\u00e1foro-de-fisterra-768x510.jpg 768w\" sizes=\"(max-width: 750px) 100vw, 750px\" \/><\/a><div class=\"item-content\"><h4><a href=\"https:\/\/www.hotelsemaforodefisterra.com\/en\/o-refuxio-del-semaforo\/\">O Refuxio del semafORO<\/a><\/h4><p>Something fast, rich and tasty, you need to spend out compared to infinity.<\/p><\/div><\/div><div class='item'><a href=\"https:\/\/www.hotelsemaforodefisterra.com\/en\/fisterra\/\" class=\"link-image\" title=\"Finisterre\"><img loading=\"lazy\" decoding=\"async\" width=\"750\" height=\"563\" src=\"https:\/\/www.hotelsemaforodefisterra.com\/wp-content\/uploads\/2016\/07\/Costa-da-morte-faro-de-fisterra-1024x768.jpg\" class=\"attachment-large size-large\" alt=\"\" srcset=\"https:\/\/www.hotelsemaforodefisterra.com\/wp-content\/uploads\/2016\/07\/Costa-da-morte-faro-de-fisterra-1024x768.jpg 1024w, https:\/\/www.hotelsemaforodefisterra.com\/wp-content\/uploads\/2016\/07\/Costa-da-morte-faro-de-fisterra-300x225.jpg 300w, https:\/\/www.hotelsemaforodefisterra.com\/wp-content\/uploads\/2016\/07\/Costa-da-morte-faro-de-fisterra-768x576.jpg 768w\" sizes=\"(max-width: 750px) 100vw, 750px\" \/><\/a><div class=\"item-content\"><h4><a href=\"https:\/\/www.hotelsemaforodefisterra.com\/en\/fisterra\/\">Finisterre<\/a><\/h4><p>The end of the road, finis terrae.<\/p><\/div><\/div><div class='item'><a href=\"https:\/\/www.hotelsemaforodefisterra.com\/en\/costa-da-morte\/\" class=\"link-image\" title=\"Costa da Morte\"><img loading=\"lazy\" decoding=\"async\" width=\"750\" height=\"475\" src=\"https:\/\/www.hotelsemaforodefisterra.com\/wp-content\/uploads\/2016\/08\/bota-peregrinos-finisterre-1024x648.jpg\" class=\"attachment-large size-large\" alt=\"\" srcset=\"https:\/\/www.hotelsemaforodefisterra.com\/wp-content\/uploads\/2016\/08\/bota-peregrinos-finisterre-1024x648.jpg 1024w, https:\/\/www.hotelsemaforodefisterra.com\/wp-content\/uploads\/2016\/08\/bota-peregrinos-finisterre-300x190.jpg 300w, https:\/\/www.hotelsemaforodefisterra.com\/wp-content\/uploads\/2016\/08\/bota-peregrinos-finisterre-768x486.jpg 768w\" sizes=\"(max-width: 750px) 100vw, 750px\" \/><\/a><div class=\"item-content\"><h4><a href=\"https:\/\/www.hotelsemaforodefisterra.com\/en\/costa-da-morte\/\">Costa da Morte<\/a><\/h4><p>The maritime tradition of the region is reflected in their customs, their festivals and cuisine.<\/p><\/div><\/div><\/div>[\/vc_column][\/vc_row]<\/p>\n","protected":false},"excerpt":{"rendered":"<p>[vc_row full_width=&#8221;stretch_row&#8221; parallax=&#8221;content-moving&#8221; position=&#8221;right center&#8221; css=&#8221;.vc_custom_1472041434074{margin-top: 32px !important;background-image: url(https:\/\/www.hotelsemaforodefisterra.com\/wp-content\/uploads\/2016\/07\/Costa-da-morte-faro-de-fisterra.jpg?id=3006) !important;background-position: center;background-repeat: no-repeat !important;background-size: cover !important;}&#8221;][vc_column el_class=&#8221;white-box content-padding text-uppercase&#8221;][vc_column_text] At the [&hellip;]<\/p>\n","protected":false},"author":7,"featured_media":0,"parent":0,"menu_order":0,"comment_status":"closed","ping_status":"closed","template":"","meta":{"footnotes":"","_joinchat":[]},"_links":{"self":[{"href":"https:\/\/www.hotelsemaforodefisterra.com\/en\/wp-json\/wp\/v2\/pages\/3616"}],"collection":[{"href":"https:\/\/www.hotelsemaforodefisterra.com\/en\/wp-json\/wp\/v2\/pages"}],"about":[{"href":"https:\/\/www.hotelsemaforodefisterra.com\/en\/wp-json\/wp\/v2\/types\/page"}],"author":[{"embeddable":true,"href":"https:\/\/www.hotelsemaforodefisterra.com\/en\/wp-json\/wp\/v2\/users\/7"}],"replies":[{"embeddable":true,"href":"https:\/\/www.hotelsemaforodefisterra.com\/en\/wp-json\/wp\/v2\/comments?post=3616"}],"version-history":[{"count":2,"href":"https:\/\/www.hotelsemaforodefisterra.com\/en\/wp-json\/wp\/v2\/pages\/3616\/revisions"}],"predecessor-version":[{"id":3618,"href":"https:\/\/www.hotelsemaforodefisterra.com\/en\/wp-json\/wp\/v2\/pages\/3616\/revisions\/3618"}],"wp:attachment":[{"href":"https:\/\/www.hotelsemaforodefisterra.com\/en\/wp-json\/wp\/v2\/media?parent=3616"}],"curies":[{"name":"wp","href":"https:\/\/api.w.org\/{rel}","templated":true}]}}

<p>[vc_row full_width=&#8221;stretch_row&#8221; parallax=&#8221;content-moving&#8221; position=&#8221;right center&#8221; css=&#8221;.vc_custom_1472041434074{margin-top: 32px !important;background-image: url(https://www.hotelsemaforodefisterra.com/wp-content/uploads/2016/07/Costa-da-morte-faro-de-fisterra.jpg?id=3006) !important;background-position: center;background-repeat: no-repeat !important;background-size: cover !important;}&#8221;][vc_column el_class=&#8221;white-box content-padding text-uppercase&#8221;][vc_column_text]</p>
<h2 class="text-uppercase" style="text-align: center;"><small>At the edge<br />
</small>COSTA DA MORTE</h2>
<p style="text-align: center;">Costa da Morte is a Galician coastal region located in the northwest of A Coruña. Its name comes from the many shipwrecks that have occurred throughout history off its coast and is in this area, full of myths and legends, where it was believed that the end of the world (Finis Terrae was &#8211; Finisterre &#8211; Fisterra). The coastline is rugged, with spectacular cliffs such as Cape Vilan and huge beaches like Carnota (the longest of Galicia), Baldaio and O Face.</p>
<p style="text-align: center;">Among its nature stand corners as Mount Pindo Carnota, the magical Cape Vilan Camariñas, Sisargas Illas, beach or thirteen, the Anllóns river, the Penedos de Pasarela and Traba Laxe and Vimianzo, creeks, wild beaches, estuaries like Camariñas and Cape Finisterre, chosen by many pilgrims to terminate the Camino de Santiago. Man has added to this spectacular place lighthouses, fishing ports, traditions and legends. Muxia and off Cape villain the sanctuary of the Virgen de la Barca, object of prayers to try to calm the fury of the sea rises.</p>
<p style="text-align: center;">In the historical and artistic heritage of the Costa da Morte also shine the granaries, the Roman bridge Lubiáns, stones Abalar and Os Cadrís, Castle Vimianzo, the Torres do Allo, the port of Caión, castrate of Borneiro , manor houses Corcubion, churches such as Santa Maria das Areas and the English Cemetery in Camariñas, reminiscent of the 172 who died in the tragedy of the Serpent in 1890 off Cape Vilan.</p>
<p style="text-align: center;">The maritime tradition of the region is reflected in their customs, their festivals and cuisine, featuring seafood premier among which seafood. In addition, renowned in their fields Galicia potato is produced with Designation of Origin. The Costa da Morte is an ideal place for tours and excursions and sports like surfing destination.</p>
<p style="text-align: center;"><a class="btn btn-inline" href="https://www.hotelsemaforodefisterra.com/en/reservation/">THE BEST SITE FROM WHERE KNOW</a></p>
<p>[/vc_column_text][/vc_column][/vc_row][vc_row][vc_column]<h2 class="text-center"><small>DO YOU WANT TO VISIT OUR HOTEL?</small>DELICATESSEN HOTEL O SEMÁFORO DE FISTERRA</h2><div class='services-carousel  owl-with-navigation' data-owl-items='4' data-owl-nav='true' data-owl-nav-text='["Previus","Next"]' data-owl-loop='true' data-owl-autoplay='true' data-owl-speed='2000' data-owl-hover='true' data-owl-mobile='1' data-owl-tablet='2' data-owl-dots='false'><div class='item'><a href="https://www.hotelsemaforodefisterra.com/en/hotel-rooms/" class="link-image" title="Rooms"><img loading="lazy" decoding="async" width="586" height="440" src="https://www.hotelsemaforodefisterra.com/wp-content/uploads/2016/08/habitacion-hotel-semaforo-fisterra.jpg" class="attachment-large size-large" alt="" srcset="https://www.hotelsemaforodefisterra.com/wp-content/uploads/2016/08/habitacion-hotel-semaforo-fisterra.jpg 586w, https://www.hotelsemaforodefisterra.com/wp-content/uploads/2016/08/habitacion-hotel-semaforo-fisterra-300x225.jpg 300w" sizes="(max-width: 586px) 100vw, 586px" /></a><div class="item-content"><h4><a href="https://www.hotelsemaforodefisterra.com/en/hotel-rooms/">Rooms</a></h4><p>Located at the End of the World ... they offer infinite universe of relaxation and comfort.</p></div></div><div class='item'><a href="https://www.hotelsemaforodefisterra.com/en/restaurante-del-semaforo/" class="link-image" title="O semafORO restaurant"><img loading="lazy" decoding="async" width="750" height="401" src="https://www.hotelsemaforodefisterra.com/wp-content/uploads/2016/07/IMG_5736-1024x548-1024x548.jpg" class="attachment-large size-large" alt="" srcset="https://www.hotelsemaforodefisterra.com/wp-content/uploads/2016/07/IMG_5736-1024x548.jpg 1024w, https://www.hotelsemaforodefisterra.com/wp-content/uploads/2016/07/IMG_5736-1024x548-300x161.jpg 300w, https://www.hotelsemaforodefisterra.com/wp-content/uploads/2016/07/IMG_5736-1024x548-768x411.jpg 768w" sizes="(max-width: 750px) 100vw, 750px" /></a><div class="item-content"><h4><a href="https://www.hotelsemaforodefisterra.com/en/restaurante-del-semaforo/">O semafORO restaurant</a></h4><p><br />
A wide range of cuisine focused on products Galicia.</p></div></div><div class='item'><a href="https://www.hotelsemaforodefisterra.com/en/o-refuxio-del-semaforo/" class="link-image" title="O Refuxio del semafORO"><img loading="lazy" decoding="async" width="750" height="498" src="https://www.hotelsemaforodefisterra.com/wp-content/uploads/2016/08/Bar-o-semáforo-de-fisterra-1024x680.jpg" class="attachment-large size-large" alt="" srcset="https://www.hotelsemaforodefisterra.com/wp-content/uploads/2016/08/Bar-o-semáforo-de-fisterra-1024x680.jpg 1024w, https://www.hotelsemaforodefisterra.com/wp-content/uploads/2016/08/Bar-o-semáforo-de-fisterra-300x199.jpg 300w, https://www.hotelsemaforodefisterra.com/wp-content/uploads/2016/08/Bar-o-semáforo-de-fisterra-768x510.jpg 768w" sizes="(max-width: 750px) 100vw, 750px" /></a><div class="item-content"><h4><a href="https://www.hotelsemaforodefisterra.com/en/o-refuxio-del-semaforo/">O Refuxio del semafORO</a></h4><p>Something fast, rich and tasty, you need to spend out compared to infinity.</p></div></div><div class='item'><a href="https://www.hotelsemaforodefisterra.com/en/fisterra/" class="link-image" title="Finisterre"><img loading="lazy" decoding="async" width="750" height="563" src="https://www.hotelsemaforodefisterra.com/wp-content/uploads/2016/07/Costa-da-morte-faro-de-fisterra-1024x768.jpg" class="attachment-large size-large" alt="" srcset="https://www.hotelsemaforodefisterra.com/wp-content/uploads/2016/07/Costa-da-morte-faro-de-fisterra-1024x768.jpg 1024w, https://www.hotelsemaforodefisterra.com/wp-content/uploads/2016/07/Costa-da-morte-faro-de-fisterra-300x225.jpg 300w, https://www.hotelsemaforodefisterra.com/wp-content/uploads/2016/07/Costa-da-morte-faro-de-fisterra-768x576.jpg 768w" sizes="(max-width: 750px) 100vw, 750px" /></a><div class="item-content"><h4><a href="https://www.hotelsemaforodefisterra.com/en/fisterra/">Finisterre</a></h4><p>The end of the road, finis terrae.</p></div></div><div class='item'><a href="https://www.hotelsemaforodefisterra.com/en/costa-da-morte/" class="link-image" title="Costa da Morte"><img loading="lazy" decoding="async" width="750" height="475" src="https://www.hotelsemaforodefisterra.com/wp-content/uploads/2016/08/bota-peregrinos-finisterre-1024x648.jpg" class="attachment-large size-large" alt="" srcset="https://www.hotelsemaforodefisterra.com/wp-content/uploads/2016/08/bota-peregrinos-finisterre-1024x648.jpg 1024w, https://www.hotelsemaforodefisterra.com/wp-content/uploads/2016/08/bota-peregrinos-finisterre-300x190.jpg 300w, https://www.hotelsemaforodefisterra.com/wp-content/uploads/2016/08/bota-peregrinos-finisterre-768x486.jpg 768w" sizes="(max-width: 750px) 100vw, 750px" /></a><div class="item-content"><h4><a href="https://www.hotelsemaforodefisterra.com/en/costa-da-morte/">Costa da Morte</a></h4><p>The maritime tradition of the region is reflected in their customs, their festivals and cuisine.</p></div></div></div>[/vc_column][/vc_row]</p>
