{"id":3610,"date":"2016-07-28T09:18:35","date_gmt":"2016-07-28T09:18:35","guid":{"rendered":"http:\/\/www.hotelsemaforodefisterra.com\/en\/fisterra\/"},"modified":"2016-09-12T11:30:30","modified_gmt":"2016-09-12T11:30:30","slug":"fisterra","status":"publish","type":"page","link":"https:\/\/www.hotelsemaforodefisterra.com\/en\/fisterra\/","title":{"rendered":"Fisterra"},"content":{"rendered":"<p>[vc_row full_width=&#8221;stretch_row&#8221; parallax=&#8221;content-moving&#8221; position=&#8221;right center&#8221; css=&#8221;.vc_custom_1472224583210{margin-top: 32px !important;background-image: url(https:\/\/www.hotelsemaforodefisterra.com\/wp-content\/uploads\/2016\/07\/DSC02315.jpg?id=3370) !important;background-position: center;background-repeat: no-repeat !important;background-size: cover !important;}&#8221;][vc_column el_class=&#8221;white-box content-padding text-uppercase&#8221;][vc_column_text]<\/p>\n<h2 class=\"text-uppercase\" style=\"text-align: center;\"><small>At the edge<br \/>\n<\/small>FISTERRA<\/h2>\n<p style=\"text-align: center;\">The municipality of Fisterra is located on the western side of the province of A Coru\u00f1a, in Galicia, a distance of about 100 kilometers from the city of Santiago de Compostela and to 108 kilometers of A Coruna. Fisterra has an area of approximately 30 square kilometers and a population of about 5,042 inhabitants.<\/p>\n<p style=\"text-align: center;\">Fisterra, like many of the Galician territories, is distributed in 4 parish entities: San Marti\u00f1o de Duio, San Vicente de Duio, Nosa Se\u00f1ora das Areas Fisterra and San Xo\u00e1n de Sardi\u00f1eiro. Etymologically, as is known, this seemed to be for the ancient Romans, the End of the Road, finis terrae.<\/p>\n<p style=\"text-align: left;\"><strong>Monuments and places of interest<\/strong><br \/>\nThere are many tourist attractions of this town, such as the beaches, the coastal landscape and all its artistic and cultural heritage:<\/p>\n<ul>\n<li style=\"text-align: left;\">The church of San Vicenzo of Duio, dating from the seventeenth century, of renancentista style.<\/li>\n<li style=\"text-align: left;\">The church of San Martino of Duio, dating from the eighteenth century.<\/li>\n<li style=\"text-align: left;\">The church of Santa Maria das Areas, construction of the XII century Romanesque style.<\/li>\n<li style=\"text-align: left;\">The Casa Do Porto, example of civil architecture.<\/li>\n<li style=\"text-align: left;\">Visit to the beaches of Fisterra.<\/li>\n<\/ul>\n<p style=\"text-align: center;\"><a class=\"btn btn-inline\" href=\"https:\/\/www.hotelsemaforodefisterra.com\/en\/reservation\/\">THE BEST SITE FROM WHERE KNOW<\/a><\/p>\n<p>[\/vc_column_text][\/vc_column][\/vc_row][vc_row][vc_column]<h2 class=\"text-center\"><small>DO YOU WANT TO VISIT OUR HOTEL?<\/small>DELICATESSEN HOTEL O SEM\u00c1FORO DE FISTERRA<\/h2><div class='services-carousel  owl-with-navigation' data-owl-items='4' data-owl-nav='true' data-owl-nav-text='[\"Previus\",\"Next\"]' data-owl-loop='true' data-owl-autoplay='true' data-owl-speed='2000' data-owl-hover='true' data-owl-mobile='1' data-owl-tablet='2' data-owl-dots='false'><div class='item'><a href=\"https:\/\/www.hotelsemaforodefisterra.com\/en\/hotel-rooms\/\" class=\"link-image\" title=\"Rooms\"><img loading=\"lazy\" decoding=\"async\" width=\"586\" height=\"440\" src=\"https:\/\/www.hotelsemaforodefisterra.com\/wp-content\/uploads\/2016\/08\/habitacion-hotel-semaforo-fisterra.jpg\" class=\"attachment-large size-large\" alt=\"\" srcset=\"https:\/\/www.hotelsemaforodefisterra.com\/wp-content\/uploads\/2016\/08\/habitacion-hotel-semaforo-fisterra.jpg 586w, https:\/\/www.hotelsemaforodefisterra.com\/wp-content\/uploads\/2016\/08\/habitacion-hotel-semaforo-fisterra-300x225.jpg 300w\" sizes=\"(max-width: 586px) 100vw, 586px\" \/><\/a><div class=\"item-content\"><h4><a href=\"https:\/\/www.hotelsemaforodefisterra.com\/en\/hotel-rooms\/\">Rooms<\/a><\/h4><p>Located at the End of the World ... they offer infinite universe of relaxation and comfort.<\/p><\/div><\/div><div class='item'><a href=\"https:\/\/www.hotelsemaforodefisterra.com\/en\/restaurante-del-semaforo\/\" class=\"link-image\" title=\"O semafORO restaurant\"><img loading=\"lazy\" decoding=\"async\" width=\"750\" height=\"401\" src=\"https:\/\/www.hotelsemaforodefisterra.com\/wp-content\/uploads\/2016\/07\/IMG_5736-1024x548-1024x548.jpg\" class=\"attachment-large size-large\" alt=\"\" srcset=\"https:\/\/www.hotelsemaforodefisterra.com\/wp-content\/uploads\/2016\/07\/IMG_5736-1024x548.jpg 1024w, https:\/\/www.hotelsemaforodefisterra.com\/wp-content\/uploads\/2016\/07\/IMG_5736-1024x548-300x161.jpg 300w, https:\/\/www.hotelsemaforodefisterra.com\/wp-content\/uploads\/2016\/07\/IMG_5736-1024x548-768x411.jpg 768w\" sizes=\"(max-width: 750px) 100vw, 750px\" \/><\/a><div class=\"item-content\"><h4><a href=\"https:\/\/www.hotelsemaforodefisterra.com\/en\/restaurante-del-semaforo\/\">O semafORO restaurant<\/a><\/h4><p><br \/>\nA wide range of cuisine focused on products Galicia.<\/p><\/div><\/div><div class='item'><a href=\"https:\/\/www.hotelsemaforodefisterra.com\/en\/o-refuxio-del-semaforo\/\" class=\"link-image\" title=\"O Refuxio del semafORO\"><img loading=\"lazy\" decoding=\"async\" width=\"750\" height=\"498\" src=\"https:\/\/www.hotelsemaforodefisterra.com\/wp-content\/uploads\/2016\/08\/Bar-o-sem\u00e1foro-de-fisterra-1024x680.jpg\" class=\"attachment-large size-large\" alt=\"\" srcset=\"https:\/\/www.hotelsemaforodefisterra.com\/wp-content\/uploads\/2016\/08\/Bar-o-sem\u00e1foro-de-fisterra-1024x680.jpg 1024w, https:\/\/www.hotelsemaforodefisterra.com\/wp-content\/uploads\/2016\/08\/Bar-o-sem\u00e1foro-de-fisterra-300x199.jpg 300w, https:\/\/www.hotelsemaforodefisterra.com\/wp-content\/uploads\/2016\/08\/Bar-o-sem\u00e1foro-de-fisterra-768x510.jpg 768w\" sizes=\"(max-width: 750px) 100vw, 750px\" \/><\/a><div class=\"item-content\"><h4><a href=\"https:\/\/www.hotelsemaforodefisterra.com\/en\/o-refuxio-del-semaforo\/\">O Refuxio del semafORO<\/a><\/h4><p>Something fast, rich and tasty, you need to spend out compared to infinity.<\/p><\/div><\/div><div class='item'><a href=\"https:\/\/www.hotelsemaforodefisterra.com\/en\/fisterra\/\" class=\"link-image\" title=\"Finisterre\"><img loading=\"lazy\" decoding=\"async\" width=\"750\" height=\"563\" src=\"https:\/\/www.hotelsemaforodefisterra.com\/wp-content\/uploads\/2016\/07\/Costa-da-morte-faro-de-fisterra-1024x768.jpg\" class=\"attachment-large size-large\" alt=\"\" srcset=\"https:\/\/www.hotelsemaforodefisterra.com\/wp-content\/uploads\/2016\/07\/Costa-da-morte-faro-de-fisterra-1024x768.jpg 1024w, https:\/\/www.hotelsemaforodefisterra.com\/wp-content\/uploads\/2016\/07\/Costa-da-morte-faro-de-fisterra-300x225.jpg 300w, https:\/\/www.hotelsemaforodefisterra.com\/wp-content\/uploads\/2016\/07\/Costa-da-morte-faro-de-fisterra-768x576.jpg 768w\" sizes=\"(max-width: 750px) 100vw, 750px\" \/><\/a><div class=\"item-content\"><h4><a href=\"https:\/\/www.hotelsemaforodefisterra.com\/en\/fisterra\/\">Finisterre<\/a><\/h4><p>The end of the road, finis terrae.<\/p><\/div><\/div><div class='item'><a href=\"https:\/\/www.hotelsemaforodefisterra.com\/en\/costa-da-morte\/\" class=\"link-image\" title=\"Costa da Morte\"><img loading=\"lazy\" decoding=\"async\" width=\"750\" height=\"475\" src=\"https:\/\/www.hotelsemaforodefisterra.com\/wp-content\/uploads\/2016\/08\/bota-peregrinos-finisterre-1024x648.jpg\" class=\"attachment-large size-large\" alt=\"\" srcset=\"https:\/\/www.hotelsemaforodefisterra.com\/wp-content\/uploads\/2016\/08\/bota-peregrinos-finisterre-1024x648.jpg 1024w, https:\/\/www.hotelsemaforodefisterra.com\/wp-content\/uploads\/2016\/08\/bota-peregrinos-finisterre-300x190.jpg 300w, https:\/\/www.hotelsemaforodefisterra.com\/wp-content\/uploads\/2016\/08\/bota-peregrinos-finisterre-768x486.jpg 768w\" sizes=\"(max-width: 750px) 100vw, 750px\" \/><\/a><div class=\"item-content\"><h4><a href=\"https:\/\/www.hotelsemaforodefisterra.com\/en\/costa-da-morte\/\">Costa da Morte<\/a><\/h4><p>The maritime tradition of the region is reflected in their customs, their festivals and cuisine.<\/p><\/div><\/div><\/div>[\/vc_column][\/vc_row]<\/p>\n","protected":false},"excerpt":{"rendered":"<p>[vc_row full_width=&#8221;stretch_row&#8221; parallax=&#8221;content-moving&#8221; position=&#8221;right center&#8221; css=&#8221;.vc_custom_1472224583210{margin-top: 32px !important;background-image: url(https:\/\/www.hotelsemaforodefisterra.com\/wp-content\/uploads\/2016\/07\/DSC02315.jpg?id=3370) !important;background-position: center;background-repeat: no-repeat !important;background-size: cover !important;}&#8221;][vc_column el_class=&#8221;white-box content-padding text-uppercase&#8221;][vc_column_text] At the [&hellip;]<\/p>\n","protected":false},"author":7,"featured_media":0,"parent":0,"menu_order":0,"comment_status":"closed","ping_status":"closed","template":"","meta":{"footnotes":"","_joinchat":[]},"_links":{"self":[{"href":"https:\/\/www.hotelsemaforodefisterra.com\/en\/wp-json\/wp\/v2\/pages\/3610"}],"collection":[{"href":"https:\/\/www.hotelsemaforodefisterra.com\/en\/wp-json\/wp\/v2\/pages"}],"about":[{"href":"https:\/\/www.hotelsemaforodefisterra.com\/en\/wp-json\/wp\/v2\/types\/page"}],"author":[{"embeddable":true,"href":"https:\/\/www.hotelsemaforodefisterra.com\/en\/wp-json\/wp\/v2\/users\/7"}],"replies":[{"embeddable":true,"href":"https:\/\/www.hotelsemaforodefisterra.com\/en\/wp-json\/wp\/v2\/comments?post=3610"}],"version-history":[{"count":4,"href":"https:\/\/www.hotelsemaforodefisterra.com\/en\/wp-json\/wp\/v2\/pages\/3610\/revisions"}],"predecessor-version":[{"id":3615,"href":"https:\/\/www.hotelsemaforodefisterra.com\/en\/wp-json\/wp\/v2\/pages\/3610\/revisions\/3615"}],"wp:attachment":[{"href":"https:\/\/www.hotelsemaforodefisterra.com\/en\/wp-json\/wp\/v2\/media?parent=3610"}],"curies":[{"name":"wp","href":"https:\/\/api.w.org\/{rel}","templated":true}]}}

<p>[vc_row full_width=&#8221;stretch_row&#8221; parallax=&#8221;content-moving&#8221; position=&#8221;right center&#8221; css=&#8221;.vc_custom_1472224583210{margin-top: 32px !important;background-image: url(https://www.hotelsemaforodefisterra.com/wp-content/uploads/2016/07/DSC02315.jpg?id=3370) !important;background-position: center;background-repeat: no-repeat !important;background-size: cover !important;}&#8221;][vc_column el_class=&#8221;white-box content-padding text-uppercase&#8221;][vc_column_text]</p>
<h2 class="text-uppercase" style="text-align: center;"><small>At the edge<br />
</small>FISTERRA</h2>
<p style="text-align: center;">The municipality of Fisterra is located on the western side of the province of A Coruña, in Galicia, a distance of about 100 kilometers from the city of Santiago de Compostela and to 108 kilometers of A Coruna. Fisterra has an area of approximately 30 square kilometers and a population of about 5,042 inhabitants.</p>
<p style="text-align: center;">Fisterra, like many of the Galician territories, is distributed in 4 parish entities: San Martiño de Duio, San Vicente de Duio, Nosa Señora das Areas Fisterra and San Xoán de Sardiñeiro. Etymologically, as is known, this seemed to be for the ancient Romans, the End of the Road, finis terrae.</p>
<p style="text-align: left;"><strong>Monuments and places of interest</strong><br />
There are many tourist attractions of this town, such as the beaches, the coastal landscape and all its artistic and cultural heritage:</p>
<ul>
<li style="text-align: left;">The church of San Vicenzo of Duio, dating from the seventeenth century, of renancentista style.</li>
<li style="text-align: left;">The church of San Martino of Duio, dating from the eighteenth century.</li>
<li style="text-align: left;">The church of Santa Maria das Areas, construction of the XII century Romanesque style.</li>
<li style="text-align: left;">The Casa Do Porto, example of civil architecture.</li>
<li style="text-align: left;">Visit to the beaches of Fisterra.</li>
</ul>
<p style="text-align: center;"><a class="btn btn-inline" href="https://www.hotelsemaforodefisterra.com/en/reservation/">THE BEST SITE FROM WHERE KNOW</a></p>
<p>[/vc_column_text][/vc_column][/vc_row][vc_row][vc_column]<h2 class="text-center"><small>DO YOU WANT TO VISIT OUR HOTEL?</small>DELICATESSEN HOTEL O SEMÁFORO DE FISTERRA</h2><div class='services-carousel  owl-with-navigation' data-owl-items='4' data-owl-nav='true' data-owl-nav-text='["Previus","Next"]' data-owl-loop='true' data-owl-autoplay='true' data-owl-speed='2000' data-owl-hover='true' data-owl-mobile='1' data-owl-tablet='2' data-owl-dots='false'><div class='item'><a href="https://www.hotelsemaforodefisterra.com/en/hotel-rooms/" class="link-image" title="Rooms"><img loading="lazy" decoding="async" width="586" height="440" src="https://www.hotelsemaforodefisterra.com/wp-content/uploads/2016/08/habitacion-hotel-semaforo-fisterra.jpg" class="attachment-large size-large" alt="" srcset="https://www.hotelsemaforodefisterra.com/wp-content/uploads/2016/08/habitacion-hotel-semaforo-fisterra.jpg 586w, https://www.hotelsemaforodefisterra.com/wp-content/uploads/2016/08/habitacion-hotel-semaforo-fisterra-300x225.jpg 300w" sizes="(max-width: 586px) 100vw, 586px" /></a><div class="item-content"><h4><a href="https://www.hotelsemaforodefisterra.com/en/hotel-rooms/">Rooms</a></h4><p>Located at the End of the World ... they offer infinite universe of relaxation and comfort.</p></div></div><div class='item'><a href="https://www.hotelsemaforodefisterra.com/en/restaurante-del-semaforo/" class="link-image" title="O semafORO restaurant"><img loading="lazy" decoding="async" width="750" height="401" src="https://www.hotelsemaforodefisterra.com/wp-content/uploads/2016/07/IMG_5736-1024x548-1024x548.jpg" class="attachment-large size-large" alt="" srcset="https://www.hotelsemaforodefisterra.com/wp-content/uploads/2016/07/IMG_5736-1024x548.jpg 1024w, https://www.hotelsemaforodefisterra.com/wp-content/uploads/2016/07/IMG_5736-1024x548-300x161.jpg 300w, https://www.hotelsemaforodefisterra.com/wp-content/uploads/2016/07/IMG_5736-1024x548-768x411.jpg 768w" sizes="(max-width: 750px) 100vw, 750px" /></a><div class="item-content"><h4><a href="https://www.hotelsemaforodefisterra.com/en/restaurante-del-semaforo/">O semafORO restaurant</a></h4><p><br />
A wide range of cuisine focused on products Galicia.</p></div></div><div class='item'><a href="https://www.hotelsemaforodefisterra.com/en/o-refuxio-del-semaforo/" class="link-image" title="O Refuxio del semafORO"><img loading="lazy" decoding="async" width="750" height="498" src="https://www.hotelsemaforodefisterra.com/wp-content/uploads/2016/08/Bar-o-semáforo-de-fisterra-1024x680.jpg" class="attachment-large size-large" alt="" srcset="https://www.hotelsemaforodefisterra.com/wp-content/uploads/2016/08/Bar-o-semáforo-de-fisterra-1024x680.jpg 1024w, https://www.hotelsemaforodefisterra.com/wp-content/uploads/2016/08/Bar-o-semáforo-de-fisterra-300x199.jpg 300w, https://www.hotelsemaforodefisterra.com/wp-content/uploads/2016/08/Bar-o-semáforo-de-fisterra-768x510.jpg 768w" sizes="(max-width: 750px) 100vw, 750px" /></a><div class="item-content"><h4><a href="https://www.hotelsemaforodefisterra.com/en/o-refuxio-del-semaforo/">O Refuxio del semafORO</a></h4><p>Something fast, rich and tasty, you need to spend out compared to infinity.</p></div></div><div class='item'><a href="https://www.hotelsemaforodefisterra.com/en/fisterra/" class="link-image" title="Finisterre"><img loading="lazy" decoding="async" width="750" height="563" src="https://www.hotelsemaforodefisterra.com/wp-content/uploads/2016/07/Costa-da-morte-faro-de-fisterra-1024x768.jpg" class="attachment-large size-large" alt="" srcset="https://www.hotelsemaforodefisterra.com/wp-content/uploads/2016/07/Costa-da-morte-faro-de-fisterra-1024x768.jpg 1024w, https://www.hotelsemaforodefisterra.com/wp-content/uploads/2016/07/Costa-da-morte-faro-de-fisterra-300x225.jpg 300w, https://www.hotelsemaforodefisterra.com/wp-content/uploads/2016/07/Costa-da-morte-faro-de-fisterra-768x576.jpg 768w" sizes="(max-width: 750px) 100vw, 750px" /></a><div class="item-content"><h4><a href="https://www.hotelsemaforodefisterra.com/en/fisterra/">Finisterre</a></h4><p>The end of the road, finis terrae.</p></div></div><div class='item'><a href="https://www.hotelsemaforodefisterra.com/en/costa-da-morte/" class="link-image" title="Costa da Morte"><img loading="lazy" decoding="async" width="750" height="475" src="https://www.hotelsemaforodefisterra.com/wp-content/uploads/2016/08/bota-peregrinos-finisterre-1024x648.jpg" class="attachment-large size-large" alt="" srcset="https://www.hotelsemaforodefisterra.com/wp-content/uploads/2016/08/bota-peregrinos-finisterre-1024x648.jpg 1024w, https://www.hotelsemaforodefisterra.com/wp-content/uploads/2016/08/bota-peregrinos-finisterre-300x190.jpg 300w, https://www.hotelsemaforodefisterra.com/wp-content/uploads/2016/08/bota-peregrinos-finisterre-768x486.jpg 768w" sizes="(max-width: 750px) 100vw, 750px" /></a><div class="item-content"><h4><a href="https://www.hotelsemaforodefisterra.com/en/costa-da-morte/">Costa da Morte</a></h4><p>The maritime tradition of the region is reflected in their customs, their festivals and cuisine.</p></div></div></div>[/vc_column][/vc_row]</p>
