{"id":4931,"date":"2016-12-16T17:13:36","date_gmt":"2016-12-16T16:13:36","guid":{"rendered":"http:\/\/www.hotelsemaforodefisterra.com\/habitacion-stellae\/"},"modified":"2025-03-17T17:44:11","modified_gmt":"2025-03-17T16:44:11","slug":"habitacion-stellae","status":"publish","type":"page","link":"https:\/\/www.hotelsemaforodefisterra.com\/de\/habitacion-stellae\/","title":{"rendered":"Stellae Zimmer"},"content":{"rendered":"<p>[vc_row][vc_column width=&#8220;2\/3&#8243;][vc_single_image image=&#8220;9004&#8243; img_size=&#8220;full&#8220;][vc_gallery images=&#8220;9004,9010,9016,9022,9028&#8243; columns=&#8220;5&#8243;][vc_column_text]Room with double bed, three large windows facing the sea and the Mar de Fora, to infinity. . Full bathroom with huge shower tray, hair dryer, magnifying mirror, welcome products. Smart TV, desk, telephone, coffee maker, minibar, laptop safe, wifi free[\/vc_column_text][\/vc_column][vc_column width=&#8220;1\/3&#8243;][vc_column_text][\/vc_column_text][vc_single_image image=&#8220;4536&#8243; img_size=&#8220;medium&#8220; alignment=&#8220;center&#8220;][vc_column_text]<\/p>\n<div class=\"text-center well\">\n<span class='hotel-icon-241 hi-3x color-primary hi-boxed' ><\/span>\n<h3><small>Rufen Sie uns an und \u00fcberpr\u00fcfen Sie die Verf\u00fcgbarkeit<\/small><\/h3>\n<h3>+34 981 110 210<\/h3>\n<h3>+34 607 778 240<\/h3>\n<p><small>24\/7 verf\u00fcgbar<br \/>\nVon Montag bis Sonntag<\/small><\/div>\n<p>[\/vc_column_text][\/vc_column][\/vc_row]<\/p>\n","protected":false},"excerpt":{"rendered":"<p>[vc_row][vc_column width=&#8220;2\/3&#8243;][vc_single_image image=&#8220;9004&#8243; img_size=&#8220;full&#8220;][vc_gallery images=&#8220;9004,9010,9016,9022,9028&#8243; columns=&#8220;5&#8243;][vc_column_text]Room with double bed, three large windows facing the sea and the Mar de Fora, [&hellip;]<\/p>\n","protected":false},"author":7,"featured_media":0,"parent":0,"menu_order":0,"comment_status":"closed","ping_status":"closed","template":"","meta":{"footnotes":"","_joinchat":[]},"_links":{"self":[{"href":"https:\/\/www.hotelsemaforodefisterra.com\/de\/wp-json\/wp\/v2\/pages\/4931"}],"collection":[{"href":"https:\/\/www.hotelsemaforodefisterra.com\/de\/wp-json\/wp\/v2\/pages"}],"about":[{"href":"https:\/\/www.hotelsemaforodefisterra.com\/de\/wp-json\/wp\/v2\/types\/page"}],"author":[{"embeddable":true,"href":"https:\/\/www.hotelsemaforodefisterra.com\/de\/wp-json\/wp\/v2\/users\/7"}],"replies":[{"embeddable":true,"href":"https:\/\/www.hotelsemaforodefisterra.com\/de\/wp-json\/wp\/v2\/comments?post=4931"}],"version-history":[{"count":5,"href":"https:\/\/www.hotelsemaforodefisterra.com\/de\/wp-json\/wp\/v2\/pages\/4931\/revisions"}],"predecessor-version":[{"id":9065,"href":"https:\/\/www.hotelsemaforodefisterra.com\/de\/wp-json\/wp\/v2\/pages\/4931\/revisions\/9065"}],"wp:attachment":[{"href":"https:\/\/www.hotelsemaforodefisterra.com\/de\/wp-json\/wp\/v2\/media?parent=4931"}],"curies":[{"name":"wp","href":"https:\/\/api.w.org\/{rel}","templated":true}]}}

<p>[vc_row][vc_column width=&#8220;2/3&#8243;][vc_single_image image=&#8220;9004&#8243; img_size=&#8220;full&#8220;][vc_gallery images=&#8220;9004,9010,9016,9022,9028&#8243; columns=&#8220;5&#8243;][vc_column_text]Room with double bed, three large windows facing the sea and the Mar de Fora, to infinity. . Full bathroom with huge shower tray, hair dryer, magnifying mirror, welcome products. Smart TV, desk, telephone, coffee maker, minibar, laptop safe, wifi free[/vc_column_text][/vc_column][vc_column width=&#8220;1/3&#8243;][vc_column_text][/vc_column_text][vc_single_image image=&#8220;4536&#8243; img_size=&#8220;medium&#8220; alignment=&#8220;center&#8220;][vc_column_text]</p>
<div class="text-center well">
<span class='hotel-icon-241 hi-3x color-primary hi-boxed' ></span>
<h3><small>Rufen Sie uns an und überprüfen Sie die Verfügbarkeit</small></h3>
<h3>+34 981 110 210</h3>
<h3>+34 607 778 240</h3>
<p><small>24/7 verfügbar<br />
Von Montag bis Sonntag</small></div>
<p>[/vc_column_text][/vc_column][/vc_row]</p>
