{"id":3926,"date":"2016-07-28T09:37:41","date_gmt":"2016-07-28T09:37:41","guid":{"rendered":"http:\/\/www.hotelsemaforodefisterra.com\/de\/rutas-costa-da-morte\/"},"modified":"2016-09-16T16:19:42","modified_gmt":"2016-09-16T16:19:42","slug":"rutas-costa-da-morte","status":"publish","type":"page","link":"https:\/\/www.hotelsemaforodefisterra.com\/de\/rutas-costa-da-morte\/","title":{"rendered":"Wege Costa da Morte"},"content":{"rendered":"<p>[vc_row full_width=&#8220;stretch_row&#8220; parallax=&#8220;content-moving&#8220; position=&#8220;right center&#8220; css=&#8220;.vc_custom_1472041544619{margin-top: 32px !important;background-image: url(https:\/\/www.hotelsemaforodefisterra.com\/wp-content\/uploads\/2016\/07\/Senderismo-Costa-da-morte.jpg?id=3011) !important;background-position: center;background-repeat: no-repeat !important;background-size: cover !important;}&#8220;][vc_column el_class=&#8220;white-box content-padding text-uppercase&#8220;][vc_column_text]<\/p>\n<h2 class=\"text-uppercase\" style=\"text-align: center;\"><small>An den Rand<br \/>\n<\/small>WEGE &#8211; Camino de Santiago nach Finisterre<\/h2>\n<p style=\"text-align: center;\">Der Weg zum Ende der Welt ist eine Erweiterung des Camino de Santiago, die bis Fisterra Leuchtturm, bekannt als das &#8222;Ende der Welt&#8220; im Mittelalter von der Stadt Santiago l\u00e4uft.<\/p>\n<p style=\"text-align: center;\">Die Route kann in 4 oder 5 Tagen durchgef\u00fchrt werden zu Fu\u00df, und in weniger Zeit, wenn Sie Radfahren oder Reiten bevorzugen.<br \/>\nInsgesamt gibt es etwa 90 km von der Plaza del Obradoiro, wo ist die Kathedrale von Santiago de Compostela, Finis zum Leuchtturm.<\/p>\n<p style=\"text-align: center;\"><strong>LEUCHTTURM ROUTE<\/strong><\/p>\n<p style=\"text-align: center;\">Der Leuchtturm Route ist ein Wanderweg verbindet 200 Kilometer Finis Malpica mit dem Rand des Meeres. Eine Stra\u00dfe, die das Meer als wichtiger Protagonist hat und durch alle Leuchtt\u00fcrme und wichtigsten Sehensw\u00fcrdigkeiten der Costa da Morte.<\/p>\n<p style=\"text-align: center;\">Weitere Informationen: <a href=\"http:\/\/www.caminodosfaros.com\/\" target=\"_blank\">http:\/\/www.caminodosfaros.com\/<\/a><\/p>\n<p style=\"text-align: center;\"><a class=\"btn btn-inline\" href=\"https:\/\/www.hotelsemaforodefisterra.com\/de\/reservas-de\/\">Die beste Seite WOHER WISSEN<\/a><\/p>\n<p>[\/vc_column_text][\/vc_column][\/vc_row][vc_row][vc_column]<h2 class=\"text-center\"><small>SIE M\u00d6CHTEN UNSERE HOTEL ZU BESUCHEN?<\/small>DELICATESSEN HOTEL O SEM\u00c1FORO DE FISTERRA<\/h2><div class='services-carousel  owl-with-navigation' data-owl-items='4' data-owl-nav='true' data-owl-nav-text='[\"Fr\u00fcher\",\" N\u00e4chster\"]' data-owl-loop='true' data-owl-autoplay='true' data-owl-speed='2000' data-owl-hover='true' data-owl-mobile='1' data-owl-tablet='2' data-owl-dots='false'><div class='item'><a href=\"https:\/\/www.hotelsemaforodefisterra.com\/de\/zimmer\/\" class=\"link-image\" title=\"Zimmer\"><img loading=\"lazy\" decoding=\"async\" width=\"586\" height=\"440\" src=\"https:\/\/www.hotelsemaforodefisterra.com\/wp-content\/uploads\/2016\/08\/habitacion-hotel-semaforo-fisterra.jpg\" class=\"attachment-large size-large\" alt=\"\" srcset=\"https:\/\/www.hotelsemaforodefisterra.com\/wp-content\/uploads\/2016\/08\/habitacion-hotel-semaforo-fisterra.jpg 586w, https:\/\/www.hotelsemaforodefisterra.com\/wp-content\/uploads\/2016\/08\/habitacion-hotel-semaforo-fisterra-300x225.jpg 300w\" sizes=\"(max-width: 586px) 100vw, 586px\" \/><\/a><div class=\"item-content\"><h4><a href=\"https:\/\/www.hotelsemaforodefisterra.com\/de\/zimmer\/\">Zimmer<\/a><\/h4><p>Das Hotel liegt am Ende der Welt ... sie bieten unendliche Universum von Entspannung und Komfort.<\/p><\/div><\/div><div class='item'><a href=\"https:\/\/www.hotelsemaforodefisterra.com\/de\/restaurante-del-semaforo\/\" class=\"link-image\" title=\"O semafORO restaurant\"><img loading=\"lazy\" decoding=\"async\" width=\"750\" height=\"401\" src=\"https:\/\/www.hotelsemaforodefisterra.com\/wp-content\/uploads\/2016\/07\/IMG_5736-1024x548-1024x548.jpg\" class=\"attachment-large size-large\" alt=\"\" srcset=\"https:\/\/www.hotelsemaforodefisterra.com\/wp-content\/uploads\/2016\/07\/IMG_5736-1024x548.jpg 1024w, https:\/\/www.hotelsemaforodefisterra.com\/wp-content\/uploads\/2016\/07\/IMG_5736-1024x548-300x161.jpg 300w, https:\/\/www.hotelsemaforodefisterra.com\/wp-content\/uploads\/2016\/07\/IMG_5736-1024x548-768x411.jpg 768w\" sizes=\"(max-width: 750px) 100vw, 750px\" \/><\/a><div class=\"item-content\"><h4><a href=\"https:\/\/www.hotelsemaforodefisterra.com\/de\/restaurante-del-semaforo\/\">O semafORO restaurant<\/a><\/h4><p>Eine gro\u00dfe Auswahl an Gerichten konzentriert sich auf Produkte Galizien.<\/p><\/div><\/div><div class='item'><a href=\"https:\/\/www.hotelsemaforodefisterra.com\/de\/o-refuxio-del-semaforo\/\" class=\"link-image\" title=\"O Refuxio won O SemafORO\"><img loading=\"lazy\" decoding=\"async\" width=\"750\" height=\"498\" src=\"https:\/\/www.hotelsemaforodefisterra.com\/wp-content\/uploads\/2016\/08\/Bar-o-sem\u00e1foro-de-fisterra-1024x680.jpg\" class=\"attachment-large size-large\" alt=\"\" srcset=\"https:\/\/www.hotelsemaforodefisterra.com\/wp-content\/uploads\/2016\/08\/Bar-o-sem\u00e1foro-de-fisterra-1024x680.jpg 1024w, https:\/\/www.hotelsemaforodefisterra.com\/wp-content\/uploads\/2016\/08\/Bar-o-sem\u00e1foro-de-fisterra-300x199.jpg 300w, https:\/\/www.hotelsemaforodefisterra.com\/wp-content\/uploads\/2016\/08\/Bar-o-sem\u00e1foro-de-fisterra-768x510.jpg 768w\" sizes=\"(max-width: 750px) 100vw, 750px\" \/><\/a><div class=\"item-content\"><h4><a href=\"https:\/\/www.hotelsemaforodefisterra.com\/de\/o-refuxio-del-semaforo\/\">O Refuxio won O SemafORO<\/a><\/h4><p>Etwas schnell, reichhaltig und schmackhaft, m\u00fcssen Sie heraus verbringen im Vergleich zur Unendlichkeit.<\/p><\/div><\/div><div class='item'><a href=\"https:\/\/www.hotelsemaforodefisterra.com\/de\/fisterra\/\" class=\"link-image\" title=\"Finisterre\"><img loading=\"lazy\" decoding=\"async\" width=\"750\" height=\"563\" src=\"https:\/\/www.hotelsemaforodefisterra.com\/wp-content\/uploads\/2016\/07\/Costa-da-morte-faro-de-fisterra-1024x768.jpg\" class=\"attachment-large size-large\" alt=\"\" srcset=\"https:\/\/www.hotelsemaforodefisterra.com\/wp-content\/uploads\/2016\/07\/Costa-da-morte-faro-de-fisterra-1024x768.jpg 1024w, https:\/\/www.hotelsemaforodefisterra.com\/wp-content\/uploads\/2016\/07\/Costa-da-morte-faro-de-fisterra-300x225.jpg 300w, https:\/\/www.hotelsemaforodefisterra.com\/wp-content\/uploads\/2016\/07\/Costa-da-morte-faro-de-fisterra-768x576.jpg 768w\" sizes=\"(max-width: 750px) 100vw, 750px\" \/><\/a><div class=\"item-content\"><h4><a href=\"https:\/\/www.hotelsemaforodefisterra.com\/de\/fisterra\/\">Finisterre<\/a><\/h4><p>Das Ende der Stra\u00dfe, finis terrae.<\/p><\/div><\/div><div class='item'><a href=\"https:\/\/www.hotelsemaforodefisterra.com\/de\/costa-da-morte\/\" class=\"link-image\" title=\"Costa da Morte\"><img loading=\"lazy\" decoding=\"async\" width=\"750\" height=\"475\" src=\"https:\/\/www.hotelsemaforodefisterra.com\/wp-content\/uploads\/2016\/08\/bota-peregrinos-finisterre-1024x648.jpg\" class=\"attachment-large size-large\" alt=\"\" srcset=\"https:\/\/www.hotelsemaforodefisterra.com\/wp-content\/uploads\/2016\/08\/bota-peregrinos-finisterre-1024x648.jpg 1024w, https:\/\/www.hotelsemaforodefisterra.com\/wp-content\/uploads\/2016\/08\/bota-peregrinos-finisterre-300x190.jpg 300w, https:\/\/www.hotelsemaforodefisterra.com\/wp-content\/uploads\/2016\/08\/bota-peregrinos-finisterre-768x486.jpg 768w\" sizes=\"(max-width: 750px) 100vw, 750px\" \/><\/a><div class=\"item-content\"><h4><a href=\"https:\/\/www.hotelsemaforodefisterra.com\/de\/costa-da-morte\/\">Costa da Morte<\/a><\/h4><p>Die maritime Tradition der Region in ihren Br\u00e4uchen wider, ihre Feste und K\u00fcche.<\/p><\/div><\/div><\/div>[\/vc_column][\/vc_row]<\/p>\n","protected":false},"excerpt":{"rendered":"<p>[vc_row full_width=&#8220;stretch_row&#8220; parallax=&#8220;content-moving&#8220; position=&#8220;right center&#8220; css=&#8220;.vc_custom_1472041544619{margin-top: 32px !important;background-image: url(https:\/\/www.hotelsemaforodefisterra.com\/wp-content\/uploads\/2016\/07\/Senderismo-Costa-da-morte.jpg?id=3011) !important;background-position: center;background-repeat: no-repeat !important;background-size: cover !important;}&#8220;][vc_column el_class=&#8220;white-box content-padding text-uppercase&#8220;][vc_column_text] An den [&hellip;]<\/p>\n","protected":false},"author":7,"featured_media":0,"parent":0,"menu_order":0,"comment_status":"closed","ping_status":"closed","template":"","meta":{"footnotes":"","_joinchat":[]},"_links":{"self":[{"href":"https:\/\/www.hotelsemaforodefisterra.com\/de\/wp-json\/wp\/v2\/pages\/3926"}],"collection":[{"href":"https:\/\/www.hotelsemaforodefisterra.com\/de\/wp-json\/wp\/v2\/pages"}],"about":[{"href":"https:\/\/www.hotelsemaforodefisterra.com\/de\/wp-json\/wp\/v2\/types\/page"}],"author":[{"embeddable":true,"href":"https:\/\/www.hotelsemaforodefisterra.com\/de\/wp-json\/wp\/v2\/users\/7"}],"replies":[{"embeddable":true,"href":"https:\/\/www.hotelsemaforodefisterra.com\/de\/wp-json\/wp\/v2\/comments?post=3926"}],"version-history":[{"count":5,"href":"https:\/\/www.hotelsemaforodefisterra.com\/de\/wp-json\/wp\/v2\/pages\/3926\/revisions"}],"predecessor-version":[{"id":3963,"href":"https:\/\/www.hotelsemaforodefisterra.com\/de\/wp-json\/wp\/v2\/pages\/3926\/revisions\/3963"}],"wp:attachment":[{"href":"https:\/\/www.hotelsemaforodefisterra.com\/de\/wp-json\/wp\/v2\/media?parent=3926"}],"curies":[{"name":"wp","href":"https:\/\/api.w.org\/{rel}","templated":true}]}}

<p>[vc_row full_width=&#8220;stretch_row&#8220; parallax=&#8220;content-moving&#8220; position=&#8220;right center&#8220; css=&#8220;.vc_custom_1472041544619{margin-top: 32px !important;background-image: url(https://www.hotelsemaforodefisterra.com/wp-content/uploads/2016/07/Senderismo-Costa-da-morte.jpg?id=3011) !important;background-position: center;background-repeat: no-repeat !important;background-size: cover !important;}&#8220;][vc_column el_class=&#8220;white-box content-padding text-uppercase&#8220;][vc_column_text]</p>
<h2 class="text-uppercase" style="text-align: center;"><small>An den Rand<br />
</small>WEGE &#8211; Camino de Santiago nach Finisterre</h2>
<p style="text-align: center;">Der Weg zum Ende der Welt ist eine Erweiterung des Camino de Santiago, die bis Fisterra Leuchtturm, bekannt als das &#8222;Ende der Welt&#8220; im Mittelalter von der Stadt Santiago läuft.</p>
<p style="text-align: center;">Die Route kann in 4 oder 5 Tagen durchgeführt werden zu Fuß, und in weniger Zeit, wenn Sie Radfahren oder Reiten bevorzugen.<br />
Insgesamt gibt es etwa 90 km von der Plaza del Obradoiro, wo ist die Kathedrale von Santiago de Compostela, Finis zum Leuchtturm.</p>
<p style="text-align: center;"><strong>LEUCHTTURM ROUTE</strong></p>
<p style="text-align: center;">Der Leuchtturm Route ist ein Wanderweg verbindet 200 Kilometer Finis Malpica mit dem Rand des Meeres. Eine Straße, die das Meer als wichtiger Protagonist hat und durch alle Leuchttürme und wichtigsten Sehenswürdigkeiten der Costa da Morte.</p>
<p style="text-align: center;">Weitere Informationen: <a href="http://www.caminodosfaros.com/" target="_blank">http://www.caminodosfaros.com/</a></p>
<p style="text-align: center;"><a class="btn btn-inline" href="https://www.hotelsemaforodefisterra.com/de/reservas-de/">Die beste Seite WOHER WISSEN</a></p>
<p>[/vc_column_text][/vc_column][/vc_row][vc_row][vc_column]<h2 class="text-center"><small>SIE MÖCHTEN UNSERE HOTEL ZU BESUCHEN?</small>DELICATESSEN HOTEL O SEMÁFORO DE FISTERRA</h2><div class='services-carousel  owl-with-navigation' data-owl-items='4' data-owl-nav='true' data-owl-nav-text='["Früher"," Nächster"]' data-owl-loop='true' data-owl-autoplay='true' data-owl-speed='2000' data-owl-hover='true' data-owl-mobile='1' data-owl-tablet='2' data-owl-dots='false'><div class='item'><a href="https://www.hotelsemaforodefisterra.com/de/zimmer/" class="link-image" title="Zimmer"><img loading="lazy" decoding="async" width="586" height="440" src="https://www.hotelsemaforodefisterra.com/wp-content/uploads/2016/08/habitacion-hotel-semaforo-fisterra.jpg" class="attachment-large size-large" alt="" srcset="https://www.hotelsemaforodefisterra.com/wp-content/uploads/2016/08/habitacion-hotel-semaforo-fisterra.jpg 586w, https://www.hotelsemaforodefisterra.com/wp-content/uploads/2016/08/habitacion-hotel-semaforo-fisterra-300x225.jpg 300w" sizes="(max-width: 586px) 100vw, 586px" /></a><div class="item-content"><h4><a href="https://www.hotelsemaforodefisterra.com/de/zimmer/">Zimmer</a></h4><p>Das Hotel liegt am Ende der Welt ... sie bieten unendliche Universum von Entspannung und Komfort.</p></div></div><div class='item'><a href="https://www.hotelsemaforodefisterra.com/de/restaurante-del-semaforo/" class="link-image" title="O semafORO restaurant"><img loading="lazy" decoding="async" width="750" height="401" src="https://www.hotelsemaforodefisterra.com/wp-content/uploads/2016/07/IMG_5736-1024x548-1024x548.jpg" class="attachment-large size-large" alt="" srcset="https://www.hotelsemaforodefisterra.com/wp-content/uploads/2016/07/IMG_5736-1024x548.jpg 1024w, https://www.hotelsemaforodefisterra.com/wp-content/uploads/2016/07/IMG_5736-1024x548-300x161.jpg 300w, https://www.hotelsemaforodefisterra.com/wp-content/uploads/2016/07/IMG_5736-1024x548-768x411.jpg 768w" sizes="(max-width: 750px) 100vw, 750px" /></a><div class="item-content"><h4><a href="https://www.hotelsemaforodefisterra.com/de/restaurante-del-semaforo/">O semafORO restaurant</a></h4><p>Eine große Auswahl an Gerichten konzentriert sich auf Produkte Galizien.</p></div></div><div class='item'><a href="https://www.hotelsemaforodefisterra.com/de/o-refuxio-del-semaforo/" class="link-image" title="O Refuxio won O SemafORO"><img loading="lazy" decoding="async" width="750" height="498" src="https://www.hotelsemaforodefisterra.com/wp-content/uploads/2016/08/Bar-o-semáforo-de-fisterra-1024x680.jpg" class="attachment-large size-large" alt="" srcset="https://www.hotelsemaforodefisterra.com/wp-content/uploads/2016/08/Bar-o-semáforo-de-fisterra-1024x680.jpg 1024w, https://www.hotelsemaforodefisterra.com/wp-content/uploads/2016/08/Bar-o-semáforo-de-fisterra-300x199.jpg 300w, https://www.hotelsemaforodefisterra.com/wp-content/uploads/2016/08/Bar-o-semáforo-de-fisterra-768x510.jpg 768w" sizes="(max-width: 750px) 100vw, 750px" /></a><div class="item-content"><h4><a href="https://www.hotelsemaforodefisterra.com/de/o-refuxio-del-semaforo/">O Refuxio won O SemafORO</a></h4><p>Etwas schnell, reichhaltig und schmackhaft, müssen Sie heraus verbringen im Vergleich zur Unendlichkeit.</p></div></div><div class='item'><a href="https://www.hotelsemaforodefisterra.com/de/fisterra/" class="link-image" title="Finisterre"><img loading="lazy" decoding="async" width="750" height="563" src="https://www.hotelsemaforodefisterra.com/wp-content/uploads/2016/07/Costa-da-morte-faro-de-fisterra-1024x768.jpg" class="attachment-large size-large" alt="" srcset="https://www.hotelsemaforodefisterra.com/wp-content/uploads/2016/07/Costa-da-morte-faro-de-fisterra-1024x768.jpg 1024w, https://www.hotelsemaforodefisterra.com/wp-content/uploads/2016/07/Costa-da-morte-faro-de-fisterra-300x225.jpg 300w, https://www.hotelsemaforodefisterra.com/wp-content/uploads/2016/07/Costa-da-morte-faro-de-fisterra-768x576.jpg 768w" sizes="(max-width: 750px) 100vw, 750px" /></a><div class="item-content"><h4><a href="https://www.hotelsemaforodefisterra.com/de/fisterra/">Finisterre</a></h4><p>Das Ende der Straße, finis terrae.</p></div></div><div class='item'><a href="https://www.hotelsemaforodefisterra.com/de/costa-da-morte/" class="link-image" title="Costa da Morte"><img loading="lazy" decoding="async" width="750" height="475" src="https://www.hotelsemaforodefisterra.com/wp-content/uploads/2016/08/bota-peregrinos-finisterre-1024x648.jpg" class="attachment-large size-large" alt="" srcset="https://www.hotelsemaforodefisterra.com/wp-content/uploads/2016/08/bota-peregrinos-finisterre-1024x648.jpg 1024w, https://www.hotelsemaforodefisterra.com/wp-content/uploads/2016/08/bota-peregrinos-finisterre-300x190.jpg 300w, https://www.hotelsemaforodefisterra.com/wp-content/uploads/2016/08/bota-peregrinos-finisterre-768x486.jpg 768w" sizes="(max-width: 750px) 100vw, 750px" /></a><div class="item-content"><h4><a href="https://www.hotelsemaforodefisterra.com/de/costa-da-morte/">Costa da Morte</a></h4><p>Die maritime Tradition der Region in ihren Bräuchen wider, ihre Feste und Küche.</p></div></div></div>[/vc_column][/vc_row]</p>
