{"id":3910,"date":"2016-08-05T09:03:22","date_gmt":"2016-08-05T09:03:22","guid":{"rendered":"http:\/\/www.hotelsemaforodefisterra.com\/de\/o-refuxio-del-semaforo\/"},"modified":"2023-04-27T19:20:34","modified_gmt":"2023-04-27T17:20:34","slug":"o-refuxio-del-semaforo","status":"publish","type":"page","link":"https:\/\/www.hotelsemaforodefisterra.com\/de\/o-refuxio-del-semaforo\/","title":{"rendered":"O Refuxio won O semafORO"},"content":{"rendered":"<p>[vc_row full_width=&#8220;stretch_row&#8220; css=&#8220;.vc_custom_1472122613422{background-image: url(https:\/\/www.hotelsemaforodefisterra.com\/wp-content\/uploads\/2016\/08\/O-refuxio-de-fisterra.jpg?id=3186) !important;background-position: center !important;background-repeat: no-repeat !important;background-size: cover !important;}&#8220; el_class=&#8220;content-padding-xxl&#8220;][vc_column width=&#8220;1\/2&#8243;][vc_gallery images=&#8220;3348,3349,3350,3351&#8243; img_size=&#8220;medium&#8220; columns=&#8220;2&#8243;][\/vc_column][vc_column width=&#8220;1\/2&#8243;][vc_column_text]<\/p>\n<h2><small><strong>F\u00fcttern die Seele<\/strong><br \/>\n<\/small>O REFUXIO WON O\u00a0SEMAFORO<\/h2>\n<p style=\"text-align: left;\">Etwas schnell, reichhaltig und schmackhaft, m\u00fcssen Sie heraus verbringen im Vergleich zur Unendlichkeit, eine exquisite und einzigartige Gebiss, etwas so tief und intensiv als &#8222;Moment&#8220;.<\/p>\n<p style=\"text-align: left;\">Sandwiches, Kuchen, Verpflegung und vieles Produkt ist das, was an diesem Ort abhebt. Unsere Eimer zu tragen am meisten nachgefragt werden, in der Ecke zu genie\u00dfen, die Sie m\u00f6gen und mit wem mit Ihnen, dass speziell wie der Sonnenuntergang Zeit. Eimer Bier, Sekt Galizisch, Albari\u00f1o, gut gek\u00fchlt, mit Eis &#8230; nur f\u00fcr Sie und Ihre Freude &#8230; beiseite.<\/p>\n<h5 style=\"text-align: center; font-size: 15px;\"><a class=\"wp-colorbox-image\" href=\"https:\/\/www.hotelsemaforodefisterra.com\/wp-content\/uploads\/2023\/04\/carta-menu-o_refuxio-EN-1-scaled.jpg\">Klicken Sie auf die Karte, um zu sehen<\/a><\/h5>\n<p>[\/vc_column_text][\/vc_column][\/vc_row][vc_row][vc_column]<h2 class=\"text-center\"><small>SIE M\u00d6CHTEN UNSERE HOTEL ZU BESUCHEN?<\/small>DELICATESSEN HOTEL O SEM\u00c1FORO DE FISTERRA<\/h2><div class='services-carousel  owl-with-navigation' data-owl-items='4' data-owl-nav='true' data-owl-nav-text='[\"Fr\u00fcher\",\"N\u00e4chster\"]' data-owl-loop='true' data-owl-autoplay='true' data-owl-speed='2000' data-owl-hover='true' data-owl-mobile='1' data-owl-tablet='2' data-owl-dots='false'><div class='item'><a href=\"https:\/\/www.hotelsemaforodefisterra.com\/de\/zimmer\/\" class=\"link-image\" title=\"Zimmer\"><img loading=\"lazy\" decoding=\"async\" width=\"586\" height=\"440\" src=\"https:\/\/www.hotelsemaforodefisterra.com\/wp-content\/uploads\/2016\/08\/habitacion-hotel-semaforo-fisterra.jpg\" class=\"attachment-large size-large\" alt=\"\" srcset=\"https:\/\/www.hotelsemaforodefisterra.com\/wp-content\/uploads\/2016\/08\/habitacion-hotel-semaforo-fisterra.jpg 586w, https:\/\/www.hotelsemaforodefisterra.com\/wp-content\/uploads\/2016\/08\/habitacion-hotel-semaforo-fisterra-300x225.jpg 300w\" sizes=\"(max-width: 586px) 100vw, 586px\" \/><\/a><div class=\"item-content\"><h4><a href=\"https:\/\/www.hotelsemaforodefisterra.com\/de\/zimmer\/\">Zimmer<\/a><\/h4><p>Das Hotel liegt am Ende der Welt ... sie bieten unendliche Universum von Entspannung und Komfort.<\/p><\/div><\/div><div class='item'><a href=\"https:\/\/www.hotelsemaforodefisterra.com\/de\/restaurante-del-semaforo\/\" class=\"link-image\" title=\"O semafORO restaurant\"><img loading=\"lazy\" decoding=\"async\" width=\"750\" height=\"401\" src=\"https:\/\/www.hotelsemaforodefisterra.com\/wp-content\/uploads\/2016\/07\/IMG_5736-1024x548-1024x548.jpg\" class=\"attachment-large size-large\" alt=\"\" srcset=\"https:\/\/www.hotelsemaforodefisterra.com\/wp-content\/uploads\/2016\/07\/IMG_5736-1024x548.jpg 1024w, https:\/\/www.hotelsemaforodefisterra.com\/wp-content\/uploads\/2016\/07\/IMG_5736-1024x548-300x161.jpg 300w, https:\/\/www.hotelsemaforodefisterra.com\/wp-content\/uploads\/2016\/07\/IMG_5736-1024x548-768x411.jpg 768w\" sizes=\"(max-width: 750px) 100vw, 750px\" \/><\/a><div class=\"item-content\"><h4><a href=\"https:\/\/www.hotelsemaforodefisterra.com\/de\/restaurante-del-semaforo\/\">O semafORO restaurant<\/a><\/h4><p>Eine gro\u00dfe Auswahl an Gerichten konzentriert sich auf Produkte Galizien.<\/p><\/div><\/div><div class='item'><a href=\"https:\/\/www.hotelsemaforodefisterra.com\/de\/o-refuxio-del-semaforo\/\" class=\"link-image\" title=\"O Refuxio won O SemafORO\"><img loading=\"lazy\" decoding=\"async\" width=\"750\" height=\"498\" src=\"https:\/\/www.hotelsemaforodefisterra.com\/wp-content\/uploads\/2016\/08\/Bar-o-sem\u00e1foro-de-fisterra-1024x680.jpg\" class=\"attachment-large size-large\" alt=\"\" srcset=\"https:\/\/www.hotelsemaforodefisterra.com\/wp-content\/uploads\/2016\/08\/Bar-o-sem\u00e1foro-de-fisterra-1024x680.jpg 1024w, https:\/\/www.hotelsemaforodefisterra.com\/wp-content\/uploads\/2016\/08\/Bar-o-sem\u00e1foro-de-fisterra-300x199.jpg 300w, https:\/\/www.hotelsemaforodefisterra.com\/wp-content\/uploads\/2016\/08\/Bar-o-sem\u00e1foro-de-fisterra-768x510.jpg 768w\" sizes=\"(max-width: 750px) 100vw, 750px\" \/><\/a><div class=\"item-content\"><h4><a href=\"https:\/\/www.hotelsemaforodefisterra.com\/de\/o-refuxio-del-semaforo\/\">O Refuxio won O SemafORO<\/a><\/h4><p>Etwas schnell, reichhaltig und schmackhaft, m\u00fcssen Sie heraus verbringen im Vergleich zur Unendlichkeit.<\/p><\/div><\/div><div class='item'><a href=\"https:\/\/www.hotelsemaforodefisterra.com\/de\/fisterra\/\" class=\"link-image\" title=\"Finisterre\"><img loading=\"lazy\" decoding=\"async\" width=\"750\" height=\"563\" src=\"https:\/\/www.hotelsemaforodefisterra.com\/wp-content\/uploads\/2016\/07\/Costa-da-morte-faro-de-fisterra-1024x768.jpg\" class=\"attachment-large size-large\" alt=\"\" srcset=\"https:\/\/www.hotelsemaforodefisterra.com\/wp-content\/uploads\/2016\/07\/Costa-da-morte-faro-de-fisterra-1024x768.jpg 1024w, https:\/\/www.hotelsemaforodefisterra.com\/wp-content\/uploads\/2016\/07\/Costa-da-morte-faro-de-fisterra-300x225.jpg 300w, https:\/\/www.hotelsemaforodefisterra.com\/wp-content\/uploads\/2016\/07\/Costa-da-morte-faro-de-fisterra-768x576.jpg 768w\" sizes=\"(max-width: 750px) 100vw, 750px\" \/><\/a><div class=\"item-content\"><h4><a href=\"https:\/\/www.hotelsemaforodefisterra.com\/de\/fisterra\/\">Finisterre<\/a><\/h4><p>Das Ende der Stra\u00dfe, finis terrae.<\/p><\/div><\/div><div class='item'><a href=\"https:\/\/www.hotelsemaforodefisterra.com\/de\/costa-da-morte\/\" class=\"link-image\" title=\"Costa da Morte\"><img loading=\"lazy\" decoding=\"async\" width=\"750\" height=\"475\" src=\"https:\/\/www.hotelsemaforodefisterra.com\/wp-content\/uploads\/2016\/08\/bota-peregrinos-finisterre-1024x648.jpg\" class=\"attachment-large size-large\" alt=\"\" srcset=\"https:\/\/www.hotelsemaforodefisterra.com\/wp-content\/uploads\/2016\/08\/bota-peregrinos-finisterre-1024x648.jpg 1024w, https:\/\/www.hotelsemaforodefisterra.com\/wp-content\/uploads\/2016\/08\/bota-peregrinos-finisterre-300x190.jpg 300w, https:\/\/www.hotelsemaforodefisterra.com\/wp-content\/uploads\/2016\/08\/bota-peregrinos-finisterre-768x486.jpg 768w\" sizes=\"(max-width: 750px) 100vw, 750px\" \/><\/a><div class=\"item-content\"><h4><a href=\"https:\/\/www.hotelsemaforodefisterra.com\/de\/costa-da-morte\/\">Costa da Morte<\/a><\/h4><p>Die maritime Tradition der Region in ihren Br\u00e4uchen wider, ihre Feste und K\u00fcche.<\/p><\/div><\/div><\/div>[\/vc_column][\/vc_row]<\/p>\n","protected":false},"excerpt":{"rendered":"<p>[vc_row full_width=&#8220;stretch_row&#8220; css=&#8220;.vc_custom_1472122613422{background-image: url(https:\/\/www.hotelsemaforodefisterra.com\/wp-content\/uploads\/2016\/08\/O-refuxio-de-fisterra.jpg?id=3186) !important;background-position: center !important;background-repeat: no-repeat !important;background-size: cover !important;}&#8220; el_class=&#8220;content-padding-xxl&#8220;][vc_column width=&#8220;1\/2&#8243;][vc_gallery images=&#8220;3348,3349,3350,3351&#8243; img_size=&#8220;medium&#8220; columns=&#8220;2&#8243;][\/vc_column][vc_column width=&#8220;1\/2&#8243;][vc_column_text] F\u00fcttern die Seele [&hellip;]<\/p>\n","protected":false},"author":7,"featured_media":0,"parent":0,"menu_order":0,"comment_status":"closed","ping_status":"closed","template":"","meta":{"footnotes":"","_joinchat":[]},"_links":{"self":[{"href":"https:\/\/www.hotelsemaforodefisterra.com\/de\/wp-json\/wp\/v2\/pages\/3910"}],"collection":[{"href":"https:\/\/www.hotelsemaforodefisterra.com\/de\/wp-json\/wp\/v2\/pages"}],"about":[{"href":"https:\/\/www.hotelsemaforodefisterra.com\/de\/wp-json\/wp\/v2\/types\/page"}],"author":[{"embeddable":true,"href":"https:\/\/www.hotelsemaforodefisterra.com\/de\/wp-json\/wp\/v2\/users\/7"}],"replies":[{"embeddable":true,"href":"https:\/\/www.hotelsemaforodefisterra.com\/de\/wp-json\/wp\/v2\/comments?post=3910"}],"version-history":[{"count":9,"href":"https:\/\/www.hotelsemaforodefisterra.com\/de\/wp-json\/wp\/v2\/pages\/3910\/revisions"}],"predecessor-version":[{"id":7801,"href":"https:\/\/www.hotelsemaforodefisterra.com\/de\/wp-json\/wp\/v2\/pages\/3910\/revisions\/7801"}],"wp:attachment":[{"href":"https:\/\/www.hotelsemaforodefisterra.com\/de\/wp-json\/wp\/v2\/media?parent=3910"}],"curies":[{"name":"wp","href":"https:\/\/api.w.org\/{rel}","templated":true}]}}

<p>[vc_row full_width=&#8220;stretch_row&#8220; css=&#8220;.vc_custom_1472122613422{background-image: url(https://www.hotelsemaforodefisterra.com/wp-content/uploads/2016/08/O-refuxio-de-fisterra.jpg?id=3186) !important;background-position: center !important;background-repeat: no-repeat !important;background-size: cover !important;}&#8220; el_class=&#8220;content-padding-xxl&#8220;][vc_column width=&#8220;1/2&#8243;][vc_gallery images=&#8220;3348,3349,3350,3351&#8243; img_size=&#8220;medium&#8220; columns=&#8220;2&#8243;][/vc_column][vc_column width=&#8220;1/2&#8243;][vc_column_text]</p>
<h2><small><strong>Füttern die Seele</strong><br />
</small>O REFUXIO WON O SEMAFORO</h2>
<p style="text-align: left;">Etwas schnell, reichhaltig und schmackhaft, müssen Sie heraus verbringen im Vergleich zur Unendlichkeit, eine exquisite und einzigartige Gebiss, etwas so tief und intensiv als &#8222;Moment&#8220;.</p>
<p style="text-align: left;">Sandwiches, Kuchen, Verpflegung und vieles Produkt ist das, was an diesem Ort abhebt. Unsere Eimer zu tragen am meisten nachgefragt werden, in der Ecke zu genießen, die Sie mögen und mit wem mit Ihnen, dass speziell wie der Sonnenuntergang Zeit. Eimer Bier, Sekt Galizisch, Albariño, gut gekühlt, mit Eis &#8230; nur für Sie und Ihre Freude &#8230; beiseite.</p>
<h5 style="text-align: center; font-size: 15px;"><a class="wp-colorbox-image" href="https://www.hotelsemaforodefisterra.com/wp-content/uploads/2023/04/carta-menu-o_refuxio-EN-1-scaled.jpg">Klicken Sie auf die Karte, um zu sehen</a></h5>
<p>[/vc_column_text][/vc_column][/vc_row][vc_row][vc_column]<h2 class="text-center"><small>SIE MÖCHTEN UNSERE HOTEL ZU BESUCHEN?</small>DELICATESSEN HOTEL O SEMÁFORO DE FISTERRA</h2><div class='services-carousel  owl-with-navigation' data-owl-items='4' data-owl-nav='true' data-owl-nav-text='["Früher","Nächster"]' data-owl-loop='true' data-owl-autoplay='true' data-owl-speed='2000' data-owl-hover='true' data-owl-mobile='1' data-owl-tablet='2' data-owl-dots='false'><div class='item'><a href="https://www.hotelsemaforodefisterra.com/de/zimmer/" class="link-image" title="Zimmer"><img loading="lazy" decoding="async" width="586" height="440" src="https://www.hotelsemaforodefisterra.com/wp-content/uploads/2016/08/habitacion-hotel-semaforo-fisterra.jpg" class="attachment-large size-large" alt="" srcset="https://www.hotelsemaforodefisterra.com/wp-content/uploads/2016/08/habitacion-hotel-semaforo-fisterra.jpg 586w, https://www.hotelsemaforodefisterra.com/wp-content/uploads/2016/08/habitacion-hotel-semaforo-fisterra-300x225.jpg 300w" sizes="(max-width: 586px) 100vw, 586px" /></a><div class="item-content"><h4><a href="https://www.hotelsemaforodefisterra.com/de/zimmer/">Zimmer</a></h4><p>Das Hotel liegt am Ende der Welt ... sie bieten unendliche Universum von Entspannung und Komfort.</p></div></div><div class='item'><a href="https://www.hotelsemaforodefisterra.com/de/restaurante-del-semaforo/" class="link-image" title="O semafORO restaurant"><img loading="lazy" decoding="async" width="750" height="401" src="https://www.hotelsemaforodefisterra.com/wp-content/uploads/2016/07/IMG_5736-1024x548-1024x548.jpg" class="attachment-large size-large" alt="" srcset="https://www.hotelsemaforodefisterra.com/wp-content/uploads/2016/07/IMG_5736-1024x548.jpg 1024w, https://www.hotelsemaforodefisterra.com/wp-content/uploads/2016/07/IMG_5736-1024x548-300x161.jpg 300w, https://www.hotelsemaforodefisterra.com/wp-content/uploads/2016/07/IMG_5736-1024x548-768x411.jpg 768w" sizes="(max-width: 750px) 100vw, 750px" /></a><div class="item-content"><h4><a href="https://www.hotelsemaforodefisterra.com/de/restaurante-del-semaforo/">O semafORO restaurant</a></h4><p>Eine große Auswahl an Gerichten konzentriert sich auf Produkte Galizien.</p></div></div><div class='item'><a href="https://www.hotelsemaforodefisterra.com/de/o-refuxio-del-semaforo/" class="link-image" title="O Refuxio won O SemafORO"><img loading="lazy" decoding="async" width="750" height="498" src="https://www.hotelsemaforodefisterra.com/wp-content/uploads/2016/08/Bar-o-semáforo-de-fisterra-1024x680.jpg" class="attachment-large size-large" alt="" srcset="https://www.hotelsemaforodefisterra.com/wp-content/uploads/2016/08/Bar-o-semáforo-de-fisterra-1024x680.jpg 1024w, https://www.hotelsemaforodefisterra.com/wp-content/uploads/2016/08/Bar-o-semáforo-de-fisterra-300x199.jpg 300w, https://www.hotelsemaforodefisterra.com/wp-content/uploads/2016/08/Bar-o-semáforo-de-fisterra-768x510.jpg 768w" sizes="(max-width: 750px) 100vw, 750px" /></a><div class="item-content"><h4><a href="https://www.hotelsemaforodefisterra.com/de/o-refuxio-del-semaforo/">O Refuxio won O SemafORO</a></h4><p>Etwas schnell, reichhaltig und schmackhaft, müssen Sie heraus verbringen im Vergleich zur Unendlichkeit.</p></div></div><div class='item'><a href="https://www.hotelsemaforodefisterra.com/de/fisterra/" class="link-image" title="Finisterre"><img loading="lazy" decoding="async" width="750" height="563" src="https://www.hotelsemaforodefisterra.com/wp-content/uploads/2016/07/Costa-da-morte-faro-de-fisterra-1024x768.jpg" class="attachment-large size-large" alt="" srcset="https://www.hotelsemaforodefisterra.com/wp-content/uploads/2016/07/Costa-da-morte-faro-de-fisterra-1024x768.jpg 1024w, https://www.hotelsemaforodefisterra.com/wp-content/uploads/2016/07/Costa-da-morte-faro-de-fisterra-300x225.jpg 300w, https://www.hotelsemaforodefisterra.com/wp-content/uploads/2016/07/Costa-da-morte-faro-de-fisterra-768x576.jpg 768w" sizes="(max-width: 750px) 100vw, 750px" /></a><div class="item-content"><h4><a href="https://www.hotelsemaforodefisterra.com/de/fisterra/">Finisterre</a></h4><p>Das Ende der Straße, finis terrae.</p></div></div><div class='item'><a href="https://www.hotelsemaforodefisterra.com/de/costa-da-morte/" class="link-image" title="Costa da Morte"><img loading="lazy" decoding="async" width="750" height="475" src="https://www.hotelsemaforodefisterra.com/wp-content/uploads/2016/08/bota-peregrinos-finisterre-1024x648.jpg" class="attachment-large size-large" alt="" srcset="https://www.hotelsemaforodefisterra.com/wp-content/uploads/2016/08/bota-peregrinos-finisterre-1024x648.jpg 1024w, https://www.hotelsemaforodefisterra.com/wp-content/uploads/2016/08/bota-peregrinos-finisterre-300x190.jpg 300w, https://www.hotelsemaforodefisterra.com/wp-content/uploads/2016/08/bota-peregrinos-finisterre-768x486.jpg 768w" sizes="(max-width: 750px) 100vw, 750px" /></a><div class="item-content"><h4><a href="https://www.hotelsemaforodefisterra.com/de/costa-da-morte/">Costa da Morte</a></h4><p>Die maritime Tradition der Region in ihren Bräuchen wider, ihre Feste und Küche.</p></div></div></div>[/vc_column][/vc_row]</p>

<p>[vc_row full_width=&#8220;stretch_row&#8220; css=&#8220;.vc_custom_1472122613422{background-image: url(https://www.hotelsemaforodefisterra.com/wp-content/uploads/2016/08/O-refuxio-de-fisterra.jpg?id=3186) !important;background-position: center !important;background-repeat: no-repeat !important;background-size: cover !important;}&#8220; el_class=&#8220;content-padding-xxl&#8220;][vc_column width=&#8220;1/2&#8243;][vc_gallery images=&#8220;3348,3349,3350,3351&#8243; img_size=&#8220;medium&#8220; columns=&#8220;2&#8243;][/vc_column][vc_column width=&#8220;1/2&#8243;][vc_column_text] Füttern die Seele [&hellip;]</p>
